{"id":5393,"date":"2019-10-07T09:47:26","date_gmt":"2019-10-07T02:47:26","guid":{"rendered":"https:\/\/sayconcept.com\/arc\/?page_id=5393"},"modified":"2020-10-08T17:00:42","modified_gmt":"2020-10-08T10:00:42","slug":"noi-that-van-phong-cty-peopleone-q1-tphcm","status":"publish","type":"page","link":"https:\/\/sayconcept.com\/arc\/noi-that-van-phong-cty-peopleone-q1-tphcm\/","title":{"rendered":"N\u1ed9i th\u1ea5t v\u0103n ph\u00f2ng cty PeopleOne &#8211; Q1 TpHCM"},"content":{"rendered":"\t\t<div data-elementor-type=\"wp-page\" data-elementor-id=\"5393\" class=\"elementor elementor-5393\" data-elementor-settings=\"[]\">\n\t\t\t\t\t\t<div class=\"elementor-inner\">\n\t\t\t\t\t\t\t<div class=\"elementor-section-wrap\">\n\t\t\t\t\t\t\t<section class=\"elementor-section elementor-top-section elementor-element elementor-element-9445acf elementor-section-stretched elementor-section-height-min-height elementor-section-boxed elementor-section-height-default elementor-section-items-middle\" data-id=\"9445acf\" data-element_type=\"section\" data-settings=\"{&quot;stretch_section&quot;:&quot;section-stretched&quot;,&quot;background_background&quot;:&quot;classic&quot;,&quot;architecturer_ext_is_background_parallax&quot;:&quot;false&quot;,&quot;architecturer_ext_is_background_on_scroll&quot;:&quot;false&quot;}\">\n\t\t\t\t\t\t<div class=\"elementor-container elementor-column-gap-default\">\n\t\t\t\t\t\t\t<div class=\"elementor-row\">\n\t\t\t\t\t<div class=\"elementor-column elementor-col-100 elementor-top-column elementor-element elementor-element-2b7e615\" data-id=\"2b7e615\" data-element_type=\"column\" data-settings=\"{&quot;architecturer_ext_is_mobile_menu&quot;:&quot;false&quot;,&quot;architecturer_ext_is_scrollme&quot;:&quot;false&quot;,&quot;architecturer_ext_is_smoove&quot;:&quot;false&quot;,&quot;architecturer_ext_is_parallax_mouse&quot;:&quot;false&quot;,&quot;architecturer_ext_is_infinite&quot;:&quot;false&quot;,&quot;architecturer_ext_is_fadeout_animation&quot;:&quot;false&quot;}\">\n\t\t\t<div class=\"elementor-column-wrap\">\n\t\t\t\t\t\t\t<div class=\"elementor-widget-wrap\">\n\t\t\t\t\t\t\t\t<\/div>\n\t\t\t\t\t<\/div>\n\t\t<\/div>\n\t\t\t\t\t\t\t\t<\/div>\n\t\t\t\t\t<\/div>\n\t\t<\/section>\n\t\t\t\t<section class=\"elementor-section elementor-top-section elementor-element elementor-element-102c929 elementor-section-boxed elementor-section-height-default elementor-section-height-default\" data-id=\"102c929\" data-element_type=\"section\" data-settings=\"{&quot;architecturer_ext_is_background_parallax&quot;:&quot;false&quot;,&quot;architecturer_ext_is_background_on_scroll&quot;:&quot;false&quot;}\">\n\t\t\t\t\t\t<div class=\"elementor-container elementor-column-gap-default\">\n\t\t\t\t\t\t\t<div class=\"elementor-row\">\n\t\t\t\t\t<div class=\"elementor-column elementor-col-100 elementor-top-column elementor-element elementor-element-85dfc2a\" data-id=\"85dfc2a\" data-element_type=\"column\" data-settings=\"{&quot;architecturer_ext_is_mobile_menu&quot;:&quot;false&quot;,&quot;architecturer_ext_is_scrollme&quot;:&quot;false&quot;,&quot;architecturer_ext_is_smoove&quot;:&quot;false&quot;,&quot;architecturer_ext_is_parallax_mouse&quot;:&quot;false&quot;,&quot;architecturer_ext_is_infinite&quot;:&quot;false&quot;,&quot;architecturer_ext_is_fadeout_animation&quot;:&quot;false&quot;}\">\n\t\t\t<div class=\"elementor-column-wrap elementor-element-populated\">\n\t\t\t\t\t\t\t<div class=\"elementor-widget-wrap\">\n\t\t\t\t\t\t<div class=\"elementor-element elementor-element-87d5c65 elementor-widget elementor-widget-spacer\" data-id=\"87d5c65\" data-element_type=\"widget\" data-settings=\"{&quot;architecturer_ext_is_mobile_menu&quot;:&quot;false&quot;,&quot;architecturer_ext_is_scrollme&quot;:&quot;false&quot;,&quot;architecturer_ext_is_smoove&quot;:&quot;false&quot;,&quot;architecturer_ext_is_parallax_mouse&quot;:&quot;false&quot;,&quot;architecturer_ext_is_infinite&quot;:&quot;false&quot;,&quot;architecturer_ext_is_fadeout_animation&quot;:&quot;false&quot;}\" data-widget_type=\"spacer.default\">\n\t\t\t\t<div class=\"elementor-widget-container\">\n\t\t\t\t\t<div class=\"elementor-spacer\">\n\t\t\t<div class=\"elementor-spacer-inner\"><\/div>\n\t\t<\/div>\n\t\t\t\t<\/div>\n\t\t\t\t<\/div>\n\t\t\t\t\t\t<\/div>\n\t\t\t\t\t<\/div>\n\t\t<\/div>\n\t\t\t\t\t\t\t\t<\/div>\n\t\t\t\t\t<\/div>\n\t\t<\/section>\n\t\t\t\t<section class=\"elementor-section elementor-top-section elementor-element elementor-element-9304618 elementor-section-boxed elementor-section-height-default elementor-section-height-default\" data-id=\"9304618\" data-element_type=\"section\" data-settings=\"{&quot;background_background&quot;:&quot;classic&quot;,&quot;architecturer_ext_is_background_parallax&quot;:&quot;false&quot;,&quot;architecturer_ext_is_background_on_scroll&quot;:&quot;false&quot;}\">\n\t\t\t\t\t\t<div class=\"elementor-container elementor-column-gap-default\">\n\t\t\t\t\t\t\t<div class=\"elementor-row\">\n\t\t\t\t\t<div class=\"elementor-column elementor-col-33 elementor-top-column elementor-element elementor-element-579a3e2\" data-id=\"579a3e2\" data-element_type=\"column\" data-settings=\"{&quot;architecturer_ext_is_mobile_menu&quot;:&quot;false&quot;,&quot;architecturer_ext_is_scrollme&quot;:&quot;false&quot;,&quot;architecturer_ext_is_smoove&quot;:&quot;false&quot;,&quot;architecturer_ext_is_parallax_mouse&quot;:&quot;false&quot;,&quot;architecturer_ext_is_infinite&quot;:&quot;false&quot;,&quot;architecturer_ext_is_fadeout_animation&quot;:&quot;false&quot;}\">\n\t\t\t<div class=\"elementor-column-wrap elementor-element-populated\">\n\t\t\t\t\t\t\t<div class=\"elementor-widget-wrap\">\n\t\t\t\t\t\t<div class=\"elementor-element elementor-element-950df6a elementor-widget elementor-widget-heading\" data-id=\"950df6a\" data-element_type=\"widget\" data-settings=\"{&quot;architecturer_ext_is_mobile_menu&quot;:&quot;false&quot;,&quot;architecturer_ext_is_scrollme&quot;:&quot;false&quot;,&quot;architecturer_ext_is_smoove&quot;:&quot;false&quot;,&quot;architecturer_ext_is_parallax_mouse&quot;:&quot;false&quot;,&quot;architecturer_ext_is_infinite&quot;:&quot;false&quot;,&quot;architecturer_ext_is_fadeout_animation&quot;:&quot;false&quot;}\" data-widget_type=\"heading.default\">\n\t\t\t\t<div class=\"elementor-widget-container\">\n\t\t\t<h2 class=\"elementor-heading-title elementor-size-default\">N\u1ed9i th\u1ea5t V\u0103n Ph\u00f2ng c\u00f4ng ty PeopleOne<\/h2>\t\t<\/div>\n\t\t\t\t<\/div>\n\t\t\t\t<div class=\"elementor-element elementor-element-b04fa2e elementor-widget elementor-widget-text-editor\" data-id=\"b04fa2e\" data-element_type=\"widget\" data-settings=\"{&quot;architecturer_ext_is_mobile_menu&quot;:&quot;false&quot;,&quot;architecturer_ext_is_scrollme&quot;:&quot;false&quot;,&quot;architecturer_ext_is_smoove&quot;:&quot;false&quot;,&quot;architecturer_ext_is_parallax_mouse&quot;:&quot;false&quot;,&quot;architecturer_ext_is_infinite&quot;:&quot;false&quot;,&quot;architecturer_ext_is_fadeout_animation&quot;:&quot;false&quot;}\" data-widget_type=\"text-editor.default\">\n\t\t\t\t<div class=\"elementor-widget-container\">\n\t\t\t\t\t\t\t\t<div class=\"elementor-text-editor elementor-clearfix\">\n\t\t\t\t<p><strong>V\u1ecb tr\u00ed :<\/strong> Tr\u1ea7n Nh\u1eadt Du\u1eadt P. T\u00e2n \u0110\u1ecbnh Q1 HCM<\/p><p><strong>Quy m\u00f4:<\/strong> 110 m2 s\u00e0n<\/p><div class=\"text_exposed_show\"><p><strong>C\u00f4ng n\u0103ng y\u00eau c\u1ea7u :<\/strong><\/p><p>Ph\u00f2ng h\u1ecdp l\u1edbn : 25m2<br \/>Ph\u00f2ng h\u1ecdp nh\u1ecf 10m2<br \/>Ph\u00f2ng gi\u00e1m \u0111\u1ed1c: 12m2<br \/>S\u1ea3nh ti\u1ebfp kh\u00e1ch \u2013 Recieption<br \/>Ph\u00f2ng thi\u1ebft k\u1ebf Ph\u1ea7n m\u1ec1m<br \/>Ph\u00f2ng Kinh doanh<br \/>Ph\u00f2ngTruy\u1ec1n th\u00f4ng<br \/>Ph\u00f2ng Studio 25m2<br \/>Chi ph\u00ed thi\u1ebft k\u1ebf v\u00e0 thi c\u00f4ng:<\/p><p>Ph\u00ed thi\u1ebft k\u1ebf 160K\/m2 .<br \/>Chi ph\u00ed thi c\u00f4ng v\u00e0 ho\u00e0n thi\u1ec7n: 600 tr<\/p><\/div>\t\t\t\t\t<\/div>\n\t\t\t\t\t\t<\/div>\n\t\t\t\t<\/div>\n\t\t\t\t\t\t<\/div>\n\t\t\t\t\t<\/div>\n\t\t<\/div>\n\t\t\t\t<div class=\"elementor-column elementor-col-66 elementor-top-column elementor-element elementor-element-31f6002\" data-id=\"31f6002\" data-element_type=\"column\" data-settings=\"{&quot;architecturer_ext_is_mobile_menu&quot;:&quot;false&quot;,&quot;architecturer_ext_is_scrollme&quot;:&quot;false&quot;,&quot;architecturer_ext_is_smoove&quot;:&quot;false&quot;,&quot;architecturer_ext_is_parallax_mouse&quot;:&quot;false&quot;,&quot;architecturer_ext_is_infinite&quot;:&quot;false&quot;,&quot;architecturer_ext_is_fadeout_animation&quot;:&quot;false&quot;}\">\n\t\t\t<div class=\"elementor-column-wrap elementor-element-populated\">\n\t\t\t\t\t\t\t<div class=\"elementor-widget-wrap\">\n\t\t\t\t\t\t<div class=\"elementor-element elementor-element-f19d68e elementor-widget elementor-widget-image\" data-id=\"f19d68e\" data-element_type=\"widget\" data-settings=\"{&quot;architecturer_image_is_animation&quot;:&quot;false&quot;,&quot;architecturer_ext_is_mobile_menu&quot;:&quot;false&quot;,&quot;architecturer_ext_is_scrollme&quot;:&quot;false&quot;,&quot;architecturer_ext_is_smoove&quot;:&quot;false&quot;,&quot;architecturer_ext_is_parallax_mouse&quot;:&quot;false&quot;,&quot;architecturer_ext_is_infinite&quot;:&quot;false&quot;,&quot;architecturer_ext_is_fadeout_animation&quot;:&quot;false&quot;}\" data-widget_type=\"image.default\">\n\t\t\t\t<div class=\"elementor-widget-container\">\n\t\t\t\t\t\t\t\t<div class=\"elementor-image\">\n\t\t\t\t\t\t\t\t\t\t\t\t<img width=\"700\" height=\"466\" src=\"https:\/\/sayconcept.com\/arc\/wp-content\/uploads\/2019\/09\/3-P.G\u0110-01-700x466.jpg\" class=\"attachment-architecturer-gallery-grid size-architecturer-gallery-grid\" alt=\"\" loading=\"lazy\" \/>\t\t\t\t\t\t\t\t\t\t\t\t\t\t<\/div>\n\t\t\t\t\t\t<\/div>\n\t\t\t\t<\/div>\n\t\t\t\t\t\t<\/div>\n\t\t\t\t\t<\/div>\n\t\t<\/div>\n\t\t\t\t\t\t\t\t<\/div>\n\t\t\t\t\t<\/div>\n\t\t<\/section>\n\t\t\t\t<section class=\"elementor-section elementor-top-section elementor-element elementor-element-97742b1 elementor-section-boxed elementor-section-height-default elementor-section-height-default\" data-id=\"97742b1\" data-element_type=\"section\" data-settings=\"{&quot;architecturer_ext_is_background_parallax&quot;:&quot;false&quot;,&quot;architecturer_ext_is_background_on_scroll&quot;:&quot;false&quot;}\">\n\t\t\t\t\t\t<div class=\"elementor-container elementor-column-gap-default\">\n\t\t\t\t\t\t\t<div class=\"elementor-row\">\n\t\t\t\t\t<div class=\"elementor-column elementor-col-100 elementor-top-column elementor-element elementor-element-0eeebef\" data-id=\"0eeebef\" data-element_type=\"column\" data-settings=\"{&quot;architecturer_ext_is_mobile_menu&quot;:&quot;false&quot;,&quot;architecturer_ext_is_scrollme&quot;:&quot;false&quot;,&quot;architecturer_ext_is_smoove&quot;:&quot;false&quot;,&quot;architecturer_ext_is_parallax_mouse&quot;:&quot;false&quot;,&quot;architecturer_ext_is_infinite&quot;:&quot;false&quot;,&quot;architecturer_ext_is_fadeout_animation&quot;:&quot;false&quot;}\">\n\t\t\t<div class=\"elementor-column-wrap\">\n\t\t\t\t\t\t\t<div class=\"elementor-widget-wrap\">\n\t\t\t\t\t\t\t\t<\/div>\n\t\t\t\t\t<\/div>\n\t\t<\/div>\n\t\t\t\t\t\t\t\t<\/div>\n\t\t\t\t\t<\/div>\n\t\t<\/section>\n\t\t\t\t<section class=\"elementor-section elementor-top-section elementor-element elementor-element-4f0e8d4 elementor-section-boxed elementor-section-height-default elementor-section-height-default\" data-id=\"4f0e8d4\" data-element_type=\"section\" data-settings=\"{&quot;architecturer_ext_is_background_parallax&quot;:&quot;false&quot;,&quot;architecturer_ext_is_background_on_scroll&quot;:&quot;false&quot;}\">\n\t\t\t\t\t\t<div class=\"elementor-container elementor-column-gap-default\">\n\t\t\t\t\t\t\t<div class=\"elementor-row\">\n\t\t\t\t\t<div class=\"elementor-column elementor-col-100 elementor-top-column elementor-element elementor-element-0ccafc9\" data-id=\"0ccafc9\" data-element_type=\"column\" data-settings=\"{&quot;architecturer_ext_is_mobile_menu&quot;:&quot;false&quot;,&quot;architecturer_ext_is_scrollme&quot;:&quot;false&quot;,&quot;architecturer_ext_is_smoove&quot;:&quot;false&quot;,&quot;architecturer_ext_is_parallax_mouse&quot;:&quot;false&quot;,&quot;architecturer_ext_is_infinite&quot;:&quot;false&quot;,&quot;architecturer_ext_is_fadeout_animation&quot;:&quot;false&quot;}\">\n\t\t\t<div class=\"elementor-column-wrap elementor-element-populated\">\n\t\t\t\t\t\t\t<div class=\"elementor-widget-wrap\">\n\t\t\t\t\t\t<div class=\"elementor-element elementor-element-24ea65c elementor-widget elementor-widget-photographer-gallery-grid\" data-id=\"24ea65c\" data-element_type=\"widget\" data-settings=\"{&quot;architecturer_ext_is_mobile_menu&quot;:&quot;false&quot;,&quot;architecturer_ext_is_scrollme&quot;:&quot;false&quot;,&quot;architecturer_ext_is_smoove&quot;:&quot;false&quot;,&quot;architecturer_ext_is_parallax_mouse&quot;:&quot;false&quot;,&quot;architecturer_ext_is_infinite&quot;:&quot;false&quot;,&quot;architecturer_ext_is_fadeout_animation&quot;:&quot;false&quot;}\" data-widget_type=\"photographer-gallery-grid.default\">\n\t\t\t\t<div class=\"elementor-widget-container\">\n\t\t\t<div class=\"gallery_grid_content_wrapper layout_tg_three_cols \">\n\t\t<div class=\"gallery_grid_item tg_three_cols   \">\n\t\t\t\t\t\t\t<a class=\"tg_gallery_lightbox\" href=\"https:\/\/sayconcept.com\/arc\/wp-content\/uploads\/2019\/09\/7-Truyenthong.jpg\" data-thumb=\"https:\/\/sayconcept.com\/arc\/wp-content\/uploads\/2019\/09\/7-Truyenthong-300x168.jpg\" data-rel=\"tg_gallery24ea65c\"  >\n\t\t\t\t\t\t\t<img  src=\"https:\/\/sayconcept.com\/arc\/wp-content\/uploads\/2019\/09\/7-Truyenthong-700x466.jpg\" class=\"\" alt=\"\" \/>\n\t\t\t\t\t\n\t\t\t\t<div class=\"bg_overlay\"><\/div>\n\t\t\t\t<div class=\"tg_gallery_grid_title\">7-Truyenthong<\/div>\n\t\t\t\t\t\t\t<\/a>\n\t\t\t\t\t<\/div>\n\t\t<div class=\"gallery_grid_item tg_three_cols   \">\n\t\t\t\t\t\t\t<a class=\"tg_gallery_lightbox\" href=\"https:\/\/sayconcept.com\/arc\/wp-content\/uploads\/2019\/09\/6-Phanmem.jpg\" data-thumb=\"https:\/\/sayconcept.com\/arc\/wp-content\/uploads\/2019\/09\/6-Phanmem-300x168.jpg\" data-rel=\"tg_gallery24ea65c\"  >\n\t\t\t\t\t\t\t<img  src=\"https:\/\/sayconcept.com\/arc\/wp-content\/uploads\/2019\/09\/6-Phanmem-700x466.jpg\" class=\"\" alt=\"\" \/>\n\t\t\t\t\t\n\t\t\t\t<div class=\"bg_overlay\"><\/div>\n\t\t\t\t<div class=\"tg_gallery_grid_title\">6-Phanmem<\/div>\n\t\t\t\t\t\t\t<\/a>\n\t\t\t\t\t<\/div>\n\t\t<div class=\"gallery_grid_item tg_three_cols last  \">\n\t\t\t\t\t\t\t<a class=\"tg_gallery_lightbox\" href=\"https:\/\/sayconcept.com\/arc\/wp-content\/uploads\/2019\/09\/5-Kinhdoanh.jpg\" data-thumb=\"https:\/\/sayconcept.com\/arc\/wp-content\/uploads\/2019\/09\/5-Kinhdoanh-300x169.jpg\" data-rel=\"tg_gallery24ea65c\"  >\n\t\t\t\t\t\t\t<img  src=\"https:\/\/sayconcept.com\/arc\/wp-content\/uploads\/2019\/09\/5-Kinhdoanh-700x466.jpg\" class=\"\" alt=\"\" \/>\n\t\t\t\t\t\n\t\t\t\t<div class=\"bg_overlay\"><\/div>\n\t\t\t\t<div class=\"tg_gallery_grid_title\">5-Kinhdoanh<\/div>\n\t\t\t\t\t\t\t<\/a>\n\t\t\t\t\t<\/div>\n\t\t<div class=\"gallery_grid_item tg_three_cols   \">\n\t\t\t\t\t\t\t<a class=\"tg_gallery_lightbox\" href=\"https:\/\/sayconcept.com\/arc\/wp-content\/uploads\/2019\/09\/4-Pantry.jpg\" data-thumb=\"https:\/\/sayconcept.com\/arc\/wp-content\/uploads\/2019\/09\/4-Pantry-300x169.jpg\" data-rel=\"tg_gallery24ea65c\"  >\n\t\t\t\t\t\t\t<img  src=\"https:\/\/sayconcept.com\/arc\/wp-content\/uploads\/2019\/09\/4-Pantry-700x466.jpg\" class=\"\" alt=\"\" \/>\n\t\t\t\t\t\n\t\t\t\t<div class=\"bg_overlay\"><\/div>\n\t\t\t\t<div class=\"tg_gallery_grid_title\">4-Pantry<\/div>\n\t\t\t\t\t\t\t<\/a>\n\t\t\t\t\t<\/div>\n\t\t<div class=\"gallery_grid_item tg_three_cols   \">\n\t\t\t\t\t\t\t<a class=\"tg_gallery_lightbox\" href=\"https:\/\/sayconcept.com\/arc\/wp-content\/uploads\/2019\/09\/2-Meeting-02.jpg\" data-thumb=\"https:\/\/sayconcept.com\/arc\/wp-content\/uploads\/2019\/09\/2-Meeting-02-300x169.jpg\" data-rel=\"tg_gallery24ea65c\"  >\n\t\t\t\t\t\t\t<img  src=\"https:\/\/sayconcept.com\/arc\/wp-content\/uploads\/2019\/09\/2-Meeting-02-700x466.jpg\" class=\"\" alt=\"\" \/>\n\t\t\t\t\t\n\t\t\t\t<div class=\"bg_overlay\"><\/div>\n\t\t\t\t<div class=\"tg_gallery_grid_title\">2-Meeting-02<\/div>\n\t\t\t\t\t\t\t<\/a>\n\t\t\t\t\t<\/div>\n\t\t<div class=\"gallery_grid_item tg_three_cols last  \">\n\t\t\t\t\t\t\t<a class=\"tg_gallery_lightbox\" href=\"https:\/\/sayconcept.com\/arc\/wp-content\/uploads\/2019\/09\/2-Meeting-01.jpg\" data-thumb=\"https:\/\/sayconcept.com\/arc\/wp-content\/uploads\/2019\/09\/2-Meeting-01-300x183.jpg\" data-rel=\"tg_gallery24ea65c\"  >\n\t\t\t\t\t\t\t<img  src=\"https:\/\/sayconcept.com\/arc\/wp-content\/uploads\/2019\/09\/2-Meeting-01-700x466.jpg\" class=\"\" alt=\"\" \/>\n\t\t\t\t\t\n\t\t\t\t<div class=\"bg_overlay\"><\/div>\n\t\t\t\t<div class=\"tg_gallery_grid_title\">2-Meeting-01<\/div>\n\t\t\t\t\t\t\t<\/a>\n\t\t\t\t\t<\/div>\n<br class=\"clear\"\/>\n<\/div>\n\t\t<\/div>\n\t\t\t\t<\/div>\n\t\t\t\t\t\t<\/div>\n\t\t\t\t\t<\/div>\n\t\t<\/div>\n\t\t\t\t\t\t\t\t<\/div>\n\t\t\t\t\t<\/div>\n\t\t<\/section>\n\t\t\t\t\t\t<\/div>\n\t\t\t\t\t\t<\/div>\n\t\t\t\t\t<\/div>\n\t\t","protected":false},"excerpt":{"rendered":"<p>N\u1ed9i th\u1ea5t V\u0103n Ph\u00f2ng c\u00f4ng ty PeopleOne V\u1ecb tr\u00ed : Tr\u1ea7n Nh\u1eadt Du\u1eadt P. T\u00e2n \u0110\u1ecbnh Q1 HCM Quy m\u00f4: 110 m2 s\u00e0n C\u00f4ng n\u0103ng y\u00eau c\u1ea7u : Ph\u00f2ng h\u1ecdp l\u1edbn : 25m2 Ph\u00f2ng h\u1ecdp nh\u1ecf 10m2 Ph\u00f2ng gi\u00e1m \u0111\u1ed1c: [&hellip;]<\/p>\n","protected":false},"author":1,"featured_media":0,"parent":0,"menu_order":0,"comment_status":"closed","ping_status":"closed","template":"","meta":[],"yoast_head":"<!-- This site is optimized with the Yoast SEO plugin v17.8 - https:\/\/yoast.com\/wordpress\/plugins\/seo\/ -->\n<title>N\u1ed9i th\u1ea5t v\u0103n ph\u00f2ng cty PeopleOne - Q1 TpHCM - SAY concept<\/title>\n<meta name=\"description\" content=\"SAY CONCEPT - Thi\u1ebft k\u1ebf Ki\u1ebfn tr\u00fac N\u1ed9i th\u1ea5t C\u1ea3nh quang c\u00f4ng tr\u00ecnh d\u00e2n d\u1ee5ng : Nh\u00e0 ph\u1ed1, Bi\u1ec7t th\u1ef1, C\u0103n h\u1ed9 chung c\u01b0, V\u0103n ph\u00f2ng, Qu\u00e1n c\u00e0 ph\u00ea.\" \/>\n<meta name=\"robots\" content=\"index, follow, max-snippet:-1, max-image-preview:large, max-video-preview:-1\" \/>\n<link rel=\"canonical\" href=\"https:\/\/sayconcept.com\/arc\/noi-that-van-phong-cty-peopleone-q1-tphcm\/\" \/>\n<meta property=\"og:locale\" content=\"en_US\" \/>\n<meta property=\"og:type\" content=\"article\" \/>\n<meta property=\"og:title\" content=\"N\u1ed9i th\u1ea5t v\u0103n ph\u00f2ng cty PeopleOne - Q1 TpHCM - SAY concept\" \/>\n<meta property=\"og:description\" content=\"SAY CONCEPT - Thi\u1ebft k\u1ebf Ki\u1ebfn tr\u00fac N\u1ed9i th\u1ea5t C\u1ea3nh quang c\u00f4ng tr\u00ecnh d\u00e2n d\u1ee5ng : Nh\u00e0 ph\u1ed1, Bi\u1ec7t th\u1ef1, C\u0103n h\u1ed9 chung c\u01b0, V\u0103n ph\u00f2ng, Qu\u00e1n c\u00e0 ph\u00ea.\" \/>\n<meta property=\"og:url\" content=\"https:\/\/sayconcept.com\/arc\/noi-that-van-phong-cty-peopleone-q1-tphcm\/\" \/>\n<meta property=\"og:site_name\" content=\"SAY concept\" \/>\n<meta property=\"article:publisher\" content=\"https:\/\/www.facebook.com\/Sayconcept\/\" \/>\n<meta property=\"article:modified_time\" content=\"2020-10-08T10:00:42+00:00\" \/>\n<meta property=\"og:image\" content=\"https:\/\/sayconcept.com\/arc\/wp-content\/uploads\/2019\/09\/3-P.G\u0110-01-700x466.jpg\" \/>\n<meta name=\"twitter:card\" content=\"summary_large_image\" \/>\n<meta name=\"twitter:label1\" content=\"Est. reading time\" \/>\n\t<meta name=\"twitter:data1\" content=\"1 minute\" \/>\n<script type=\"application\/ld+json\" class=\"yoast-schema-graph\">{\"@context\":\"https:\/\/schema.org\",\"@graph\":[{\"@type\":\"WebSite\",\"@id\":\"https:\/\/sayconcept.com\/arc\/#website\",\"url\":\"https:\/\/sayconcept.com\/arc\/\",\"name\":\"SAY concept\",\"description\":\"Thi\\u1ebft k\\u1ebf kh\\u00f4ng gian s\\u1ed1ng\",\"potentialAction\":[{\"@type\":\"SearchAction\",\"target\":{\"@type\":\"EntryPoint\",\"urlTemplate\":\"https:\/\/sayconcept.com\/arc\/?s={search_term_string}\"},\"query-input\":\"required name=search_term_string\"}],\"inLanguage\":\"en-US\"},{\"@type\":\"ImageObject\",\"@id\":\"https:\/\/sayconcept.com\/arc\/noi-that-van-phong-cty-peopleone-q1-tphcm\/#primaryimage\",\"inLanguage\":\"en-US\",\"url\":\"https:\/\/sayconcept.com\/arc\/wp-content\/uploads\/2019\/09\/3-P.G\\u0110-01.jpg\",\"contentUrl\":\"https:\/\/sayconcept.com\/arc\/wp-content\/uploads\/2019\/09\/3-P.G\\u0110-01.jpg\",\"width\":1920,\"height\":1080,\"caption\":\"Thi\\u1ebft k\\u1ebf n\\u1ed9i th\\u1ea5t v\\u0103n ph\\u00f2ng - Ph\\u00f2ng Gi\\u00e1m \\u0111\\u1ed1c\"},{\"@type\":\"WebPage\",\"@id\":\"https:\/\/sayconcept.com\/arc\/noi-that-van-phong-cty-peopleone-q1-tphcm\/#webpage\",\"url\":\"https:\/\/sayconcept.com\/arc\/noi-that-van-phong-cty-peopleone-q1-tphcm\/\",\"name\":\"N\\u1ed9i th\\u1ea5t v\\u0103n ph\\u00f2ng cty PeopleOne - Q1 TpHCM - SAY concept\",\"isPartOf\":{\"@id\":\"https:\/\/sayconcept.com\/arc\/#website\"},\"primaryImageOfPage\":{\"@id\":\"https:\/\/sayconcept.com\/arc\/noi-that-van-phong-cty-peopleone-q1-tphcm\/#primaryimage\"},\"datePublished\":\"2019-10-07T02:47:26+00:00\",\"dateModified\":\"2020-10-08T10:00:42+00:00\",\"description\":\"SAY CONCEPT - Thi\\u1ebft k\\u1ebf Ki\\u1ebfn tr\\u00fac N\\u1ed9i th\\u1ea5t C\\u1ea3nh quang c\\u00f4ng tr\\u00ecnh d\\u00e2n d\\u1ee5ng : Nh\\u00e0 ph\\u1ed1, Bi\\u1ec7t th\\u1ef1, C\\u0103n h\\u1ed9 chung c\\u01b0, V\\u0103n ph\\u00f2ng, Qu\\u00e1n c\\u00e0 ph\\u00ea.\",\"breadcrumb\":{\"@id\":\"https:\/\/sayconcept.com\/arc\/noi-that-van-phong-cty-peopleone-q1-tphcm\/#breadcrumb\"},\"inLanguage\":\"en-US\",\"potentialAction\":[{\"@type\":\"ReadAction\",\"target\":[\"https:\/\/sayconcept.com\/arc\/noi-that-van-phong-cty-peopleone-q1-tphcm\/\"]}]},{\"@type\":\"BreadcrumbList\",\"@id\":\"https:\/\/sayconcept.com\/arc\/noi-that-van-phong-cty-peopleone-q1-tphcm\/#breadcrumb\",\"itemListElement\":[{\"@type\":\"ListItem\",\"position\":1,\"name\":\"Home\",\"item\":\"https:\/\/sayconcept.com\/arc\/\"},{\"@type\":\"ListItem\",\"position\":2,\"name\":\"N\\u1ed9i th\\u1ea5t v\\u0103n ph\\u00f2ng cty PeopleOne &#8211; Q1 TpHCM\"}]}]}<\/script>\n<!-- \/ Yoast SEO plugin. -->","yoast_head_json":{"title":"N\u1ed9i th\u1ea5t v\u0103n ph\u00f2ng cty PeopleOne - Q1 TpHCM - SAY concept","description":"SAY CONCEPT - Thi\u1ebft k\u1ebf Ki\u1ebfn tr\u00fac N\u1ed9i th\u1ea5t C\u1ea3nh quang c\u00f4ng tr\u00ecnh d\u00e2n d\u1ee5ng : Nh\u00e0 ph\u1ed1, Bi\u1ec7t th\u1ef1, C\u0103n h\u1ed9 chung c\u01b0, V\u0103n ph\u00f2ng, Qu\u00e1n c\u00e0 ph\u00ea.","robots":{"index":"index","follow":"follow","max-snippet":"max-snippet:-1","max-image-preview":"max-image-preview:large","max-video-preview":"max-video-preview:-1"},"canonical":"https:\/\/sayconcept.com\/arc\/noi-that-van-phong-cty-peopleone-q1-tphcm\/","og_locale":"en_US","og_type":"article","og_title":"N\u1ed9i th\u1ea5t v\u0103n ph\u00f2ng cty PeopleOne - Q1 TpHCM - SAY concept","og_description":"SAY CONCEPT - Thi\u1ebft k\u1ebf Ki\u1ebfn tr\u00fac N\u1ed9i th\u1ea5t C\u1ea3nh quang c\u00f4ng tr\u00ecnh d\u00e2n d\u1ee5ng : Nh\u00e0 ph\u1ed1, Bi\u1ec7t th\u1ef1, C\u0103n h\u1ed9 chung c\u01b0, V\u0103n ph\u00f2ng, Qu\u00e1n c\u00e0 ph\u00ea.","og_url":"https:\/\/sayconcept.com\/arc\/noi-that-van-phong-cty-peopleone-q1-tphcm\/","og_site_name":"SAY concept","article_publisher":"https:\/\/www.facebook.com\/Sayconcept\/","article_modified_time":"2020-10-08T10:00:42+00:00","og_image":[{"url":"https:\/\/sayconcept.com\/arc\/wp-content\/uploads\/2019\/09\/3-P.G\u0110-01-700x466.jpg"}],"twitter_card":"summary_large_image","twitter_misc":{"Est. reading time":"1 minute"},"schema":{"@context":"https:\/\/schema.org","@graph":[{"@type":"WebSite","@id":"https:\/\/sayconcept.com\/arc\/#website","url":"https:\/\/sayconcept.com\/arc\/","name":"SAY concept","description":"Thi\u1ebft k\u1ebf kh\u00f4ng gian s\u1ed1ng","potentialAction":[{"@type":"SearchAction","target":{"@type":"EntryPoint","urlTemplate":"https:\/\/sayconcept.com\/arc\/?s={search_term_string}"},"query-input":"required name=search_term_string"}],"inLanguage":"en-US"},{"@type":"ImageObject","@id":"https:\/\/sayconcept.com\/arc\/noi-that-van-phong-cty-peopleone-q1-tphcm\/#primaryimage","inLanguage":"en-US","url":"https:\/\/sayconcept.com\/arc\/wp-content\/uploads\/2019\/09\/3-P.G\u0110-01.jpg","contentUrl":"https:\/\/sayconcept.com\/arc\/wp-content\/uploads\/2019\/09\/3-P.G\u0110-01.jpg","width":1920,"height":1080,"caption":"Thi\u1ebft k\u1ebf n\u1ed9i th\u1ea5t v\u0103n ph\u00f2ng - Ph\u00f2ng Gi\u00e1m \u0111\u1ed1c"},{"@type":"WebPage","@id":"https:\/\/sayconcept.com\/arc\/noi-that-van-phong-cty-peopleone-q1-tphcm\/#webpage","url":"https:\/\/sayconcept.com\/arc\/noi-that-van-phong-cty-peopleone-q1-tphcm\/","name":"N\u1ed9i th\u1ea5t v\u0103n ph\u00f2ng cty PeopleOne - Q1 TpHCM - SAY concept","isPartOf":{"@id":"https:\/\/sayconcept.com\/arc\/#website"},"primaryImageOfPage":{"@id":"https:\/\/sayconcept.com\/arc\/noi-that-van-phong-cty-peopleone-q1-tphcm\/#primaryimage"},"datePublished":"2019-10-07T02:47:26+00:00","dateModified":"2020-10-08T10:00:42+00:00","description":"SAY CONCEPT - Thi\u1ebft k\u1ebf Ki\u1ebfn tr\u00fac N\u1ed9i th\u1ea5t C\u1ea3nh quang c\u00f4ng tr\u00ecnh d\u00e2n d\u1ee5ng : Nh\u00e0 ph\u1ed1, Bi\u1ec7t th\u1ef1, C\u0103n h\u1ed9 chung c\u01b0, V\u0103n ph\u00f2ng, Qu\u00e1n c\u00e0 ph\u00ea.","breadcrumb":{"@id":"https:\/\/sayconcept.com\/arc\/noi-that-van-phong-cty-peopleone-q1-tphcm\/#breadcrumb"},"inLanguage":"en-US","potentialAction":[{"@type":"ReadAction","target":["https:\/\/sayconcept.com\/arc\/noi-that-van-phong-cty-peopleone-q1-tphcm\/"]}]},{"@type":"BreadcrumbList","@id":"https:\/\/sayconcept.com\/arc\/noi-that-van-phong-cty-peopleone-q1-tphcm\/#breadcrumb","itemListElement":[{"@type":"ListItem","position":1,"name":"Home","item":"https:\/\/sayconcept.com\/arc\/"},{"@type":"ListItem","position":2,"name":"N\u1ed9i th\u1ea5t v\u0103n ph\u00f2ng cty PeopleOne &#8211; Q1 TpHCM"}]}]}},"_links":{"self":[{"href":"https:\/\/sayconcept.com\/arc\/wp-json\/wp\/v2\/pages\/5393"}],"collection":[{"href":"https:\/\/sayconcept.com\/arc\/wp-json\/wp\/v2\/pages"}],"about":[{"href":"https:\/\/sayconcept.com\/arc\/wp-json\/wp\/v2\/types\/page"}],"author":[{"embeddable":true,"href":"https:\/\/sayconcept.com\/arc\/wp-json\/wp\/v2\/users\/1"}],"replies":[{"embeddable":true,"href":"https:\/\/sayconcept.com\/arc\/wp-json\/wp\/v2\/comments?post=5393"}],"version-history":[{"count":5,"href":"https:\/\/sayconcept.com\/arc\/wp-json\/wp\/v2\/pages\/5393\/revisions"}],"predecessor-version":[{"id":5412,"href":"https:\/\/sayconcept.com\/arc\/wp-json\/wp\/v2\/pages\/5393\/revisions\/5412"}],"wp:attachment":[{"href":"https:\/\/sayconcept.com\/arc\/wp-json\/wp\/v2\/media?parent=5393"}],"curies":[{"name":"wp","href":"https:\/\/api.w.org\/{rel}","templated":true}]}}