{"id":5206,"date":"2019-07-20T12:11:56","date_gmt":"2019-07-20T05:11:56","guid":{"rendered":"https:\/\/sayconcept.com\/arc\/?page_id=5206"},"modified":"2019-10-03T10:44:05","modified_gmt":"2019-10-03T03:44:05","slug":"xay-nha-gia-re-tron-goi-quan-binh-tan","status":"publish","type":"page","link":"https:\/\/sayconcept.com\/arc\/xay-nha-gia-re-tron-goi-quan-binh-tan\/","title":{"rendered":"X\u00e2y d\u1ef1ng nh\u00e0 ph\u1ed1 qu\u1eadn B\u00ecnh T\u00e2n"},"content":{"rendered":"\t\t<div data-elementor-type=\"wp-post\" data-elementor-id=\"5206\" class=\"elementor elementor-5206\" data-elementor-settings=\"[]\">\n\t\t\t\t\t\t<div class=\"elementor-inner\">\n\t\t\t\t\t\t\t<div class=\"elementor-section-wrap\">\n\t\t\t\t\t\t\t<section class=\"elementor-section elementor-top-section elementor-element elementor-element-78720c79 elementor-section-stretched elementor-section-boxed elementor-section-height-default elementor-section-height-default\" data-id=\"78720c79\" data-element_type=\"section\" data-settings=\"{&quot;stretch_section&quot;:&quot;section-stretched&quot;,&quot;architecturer_ext_is_background_parallax&quot;:&quot;false&quot;,&quot;architecturer_ext_is_background_on_scroll&quot;:&quot;false&quot;}\">\n\t\t\t\t\t\t<div class=\"elementor-container elementor-column-gap-default\">\n\t\t\t\t\t\t\t<div class=\"elementor-row\">\n\t\t\t\t\t<div class=\"elementor-column elementor-col-100 elementor-top-column elementor-element elementor-element-5f85f2d3\" data-id=\"5f85f2d3\" data-element_type=\"column\" data-settings=\"{&quot;architecturer_ext_is_mobile_menu&quot;:&quot;false&quot;,&quot;architecturer_ext_is_scrollme&quot;:&quot;false&quot;,&quot;architecturer_ext_is_smoove&quot;:&quot;false&quot;,&quot;architecturer_ext_is_parallax_mouse&quot;:&quot;false&quot;,&quot;architecturer_ext_is_infinite&quot;:&quot;false&quot;,&quot;architecturer_ext_is_fadeout_animation&quot;:&quot;false&quot;}\">\n\t\t\t<div class=\"elementor-column-wrap elementor-element-populated\">\n\t\t\t\t\t\t\t<div class=\"elementor-widget-wrap\">\n\t\t\t\t\t\t<div class=\"elementor-element elementor-element-65992f20 elementor-widget elementor-widget-architecturer-portfolio-timeline-vertical\" data-id=\"65992f20\" data-element_type=\"widget\" data-settings=\"{&quot;architecturer_ext_is_mobile_menu&quot;:&quot;false&quot;,&quot;architecturer_ext_is_scrollme&quot;:&quot;false&quot;,&quot;architecturer_ext_is_smoove&quot;:&quot;false&quot;,&quot;architecturer_ext_is_parallax_mouse&quot;:&quot;false&quot;,&quot;architecturer_ext_is_infinite&quot;:&quot;false&quot;,&quot;architecturer_ext_is_fadeout_animation&quot;:&quot;false&quot;}\" data-widget_type=\"architecturer-portfolio-timeline-vertical.default\">\n\t\t\t\t<div class=\"elementor-widget-container\">\n\t\t\t<div class=\"portfolio_timeline_vertical_content_wrapper\"  data-speed=\"1600\">\n\t<div class=\"timeline\">\n\t\t<div class=\"swiper-container\"  style=\"height:700px;\">\n\t\t\t<div class=\"swiper-wrapper\">\n\t\t\t\t\t\t\t\t<div class=\"swiper-slide\" style=\"background-image: url(https:\/\/sayconcept.com\/arc\/wp-content\/uploads\/2019\/07\/Untitled-1.jpg);\" data-year=\"01\/04\/2019\">\n\t\t\t\t\t\t<div class=\"swiper-slide-content\"><span class=\"timeline-year\">Giai \u0111o\u1ea1n thi\u1ebft k\u1ebf<\/span>\n\t\t\t\t            <h4 class=\"timeline-title\">Thi\u1ebft k\u1ebf Ki\u1ebfn tr\u00fac<\/h4>\n\t\t\t\t            <div class=\"timeline-text\"><p class=\"p1\">Thi\u1ebft k\u1ebf M\u1eb7t b\u1eb1ng - Ph\u1ed1i c\u1ea3nh c\u00f4ng tr\u00ecnh v\u00e0 tri\u1ec3n khai b\u1ea3ng v\u1ebd<\/p><\/div>\n\t\t\t\t        <\/div>\n\t\t\t\t        <a class=\"portfolio_timeline_vertical_link\" href=\"http:\/\/themes.themegoods.com\/architecturer\/demo\/single-portfolio-7\/\"  ><\/a>\n\t\t\t\t\t<\/div>\n\t\t\t\t\t\t\t\t<div class=\"swiper-slide\" style=\"background-image: url(https:\/\/sayconcept.com\/arc\/wp-content\/uploads\/2019\/07\/2017-0530-aquang-MB-TANG-1-1.jpg);\" data-year=\"14\/04\/2019\">\n\t\t\t\t\t\t<div class=\"swiper-slide-content\"><span class=\"timeline-year\">Giai \u0111o\u1ea1n thi\u1ebft k\u1ebf<\/span>\n\t\t\t\t            <h4 class=\"timeline-title\">Tri\u1ec3n khai thi\u1ebft k\u1ebf<\/h4>\n\t\t\t\t            <div class=\"timeline-text\"><p>H\u1ed3 s\u01a1 tri\u1ec3n khai bao g\u1ed3m Ki\u1ebfn tr\u00fac - M&amp;E - K\u1ebft c\u1ea5u<\/p><\/div>\n\t\t\t\t        <\/div>\n\t\t\t\t        <a class=\"portfolio_timeline_vertical_link\" href=\"http:\/\/themes.themegoods.com\/architecturer\/demo\/single-portfolio-6\/\"  ><\/a>\n\t\t\t\t\t<\/div>\n\t\t\t\t\t\t\t\t<div class=\"swiper-slide\" style=\"background-image: url(https:\/\/sayconcept.com\/arc\/wp-content\/uploads\/2019\/07\/z1462092146845_5c0a9a7beb3c29f949e304c22907f377.jpg);\" data-year=\"01\/05\/2019\">\n\t\t\t\t\t\t<div class=\"swiper-slide-content\"><span class=\"timeline-year\">Giai \u0111o\u1ea1n thi c\u00f4ng<\/span>\n\t\t\t\t            <h4 class=\"timeline-title\">Kh\u1edfi c\u00f4ng x\u00e2y d\u1ef1ng<\/h4>\n\t\t\t\t            <div class=\"timeline-text\"><p class=\"p1\">\u0110o \u0111\u1ea1c , x\u00e1c \u0111\u1ecbnh ranh \u0111\u1ea5t , tim c\u1ed9t ...<\/p><\/div>\n\t\t\t\t        <\/div>\n\t\t\t\t        <a class=\"portfolio_timeline_vertical_link\" href=\"http:\/\/themes.themegoods.com\/architecturer\/demo\/single-portfolio-5\/\"  ><\/a>\n\t\t\t\t\t<\/div>\n\t\t\t\t\t\t\t\t<div class=\"swiper-slide\" style=\"background-image: url(https:\/\/sayconcept.com\/arc\/wp-includes\/images\/media\/default.png);\" data-year=\"07\/05\/2019\">\n\t\t\t\t\t\t<div class=\"swiper-slide-content\"><span class=\"timeline-year\">Giai \u0111o\u1ea1n thi c\u00f4ng<\/span>\n\t\t\t\t            <h4 class=\"timeline-title\">L\u00e0m m\u00f3ng<\/h4>\n\t\t\t\t            <div class=\"timeline-text\"><p class=\"p1\">X\u00e2y nh\u00e0 t\u1eeb m\u00f3ng<\/p><\/div>\n\t\t\t\t        <\/div>\n\t\t\t\t        <a class=\"portfolio_timeline_vertical_link\" href=\"http:\/\/themes.themegoods.com\/architecturer\/demo\/single-portfolio-4\/\"  ><\/a>\n\t\t\t\t\t<\/div>\n\t\t\t\t\t\t\t\t<div class=\"swiper-slide\" style=\"background-image: url(https:\/\/sayconcept.com\/arc\/wp-content\/uploads\/2019\/07\/65081310_10214656702193208_4500294439582826496_n.jpg);\" data-year=\"21\/05\/2019\">\n\t\t\t\t\t\t<div class=\"swiper-slide-content\"><span class=\"timeline-year\">Giai \u0111o\u1ea1n thi c\u00f4ng<\/span>\n\t\t\t\t            <h4 class=\"timeline-title\">\u0110\u1ed5 s\u00e0n c\u00e1c t\u1ea7ng<\/h4>\n\t\t\t\t            <div class=\"timeline-text\"><p class=\"p1\">M\u1ed7i t\u1ea7ng\u00a0 \u0111\u1ed5 ho\u00e0n th\u00e0nh trong tu\u1ea7n<\/p><\/div>\n\t\t\t\t        <\/div>\n\t\t\t\t        <a class=\"portfolio_timeline_vertical_link\" href=\"http:\/\/themes.themegoods.com\/architecturer\/demo\/single-portfolio-3\/\"  ><\/a>\n\t\t\t\t\t<\/div>\n\t\t\t\t\t\t\t\t<div class=\"swiper-slide\" style=\"background-image: url(https:\/\/sayconcept.com\/arc\/wp-content\/uploads\/2019\/07\/z1462092146845_5c0a9a7beb3c29f949e304c22907f377-1.jpg);\" data-year=\"21\/06\/2019\">\n\t\t\t\t\t\t<div class=\"swiper-slide-content\"><span class=\"timeline-year\">Giai \u0111o\u1ea1n thi c\u00f4ng<\/span>\n\t\t\t\t            <h4 class=\"timeline-title\">\u0110\u1ed5 d\u00e0n m\u00e1i<\/h4>\n\t\t\t\t            <div class=\"timeline-text\"><p class=\"p1\">Sau khi \u0111\u1ed5 m\u00e1i s\u1ebd b\u01b0\u1edbc sang giai \u0111o\u1ea1n ho\u00e0n thi\u1ec7n<\/p><\/div>\n\t\t\t\t        <\/div>\n\t\t\t\t        <a class=\"portfolio_timeline_vertical_link\" href=\"http:\/\/themes.themegoods.com\/architecturer\/demo\/single-portfolio-2\/\"  ><\/a>\n\t\t\t\t\t<\/div>\n\t\t\t\t\t\t\t\t<div class=\"swiper-slide\" style=\"background-image: url(https:\/\/sayconcept.com\/arc\/wp-content\/uploads\/2019\/10\/71597809_10215318416895662_5281299869737156608_n.jpg);\" data-year=\"01\/07\/2019\">\n\t\t\t\t\t\t<div class=\"swiper-slide-content\"><span class=\"timeline-year\">Giai \u0111o\u1ea1n thi c\u00f4ng<\/span>\n\t\t\t\t            <h4 class=\"timeline-title\">X\u00e2y d\u1ef1ng ph\u1ea7n ho\u00e0n thi\u1ec7n<\/h4>\n\t\t\t\t            <div class=\"timeline-text\"><p>\u0110\u00e2y l\u00e0 kh\u00e2u quan trong ti\u1ebfp theo trong qu\u00e1 tr\u00ecnh x\u00e2y nh\u00e0 . Thi\u1ebft k\u1ebf v\u00e0 x\u00e2y d\u1ef1ng k\u1ebft c\u1ea5u t\u1ed1t nh\u01b0ng ho\u00e0n thi\u1ec7n thi\u1ebfu t\u00ednh th\u1ea9m m\u1ef9 s\u1ebd kh\u00f4ng \u0111\u1ea3m b\u1ea3o ti\u1ec7n \u00edch s\u1eed d\u1ee5ng<\/p><\/div>\n\t\t\t\t        <\/div>\n\t\t\t\t        <a class=\"portfolio_timeline_vertical_link\" href=\"http:\/\/themes.themegoods.com\/architecturer\/demo\/single-portfolio-1\/\"  ><\/a>\n\t\t\t\t\t<\/div>\n\t\t\t\t\t\t\t\t<div class=\"swiper-slide\" style=\"background-image: url(https:\/\/sayconcept.com\/arc\/wp-content\/uploads\/2019\/10\/69505238_10215140869217081_8695772915569786880_n.jpg);\" data-year=\"15\/08\/2019\">\n\t\t\t\t\t\t<div class=\"swiper-slide-content\"><span class=\"timeline-year\">Ho\u00e0n thi\u1ec7n<\/span>\n\t\t\t\t            <h4 class=\"timeline-title\">V\u1ec7 sinh x\u00e2y d\u1ef1ng<\/h4>\n\t\t\t\t            <div class=\"timeline-text\"><p>Tr\u01b0\u1edbc khi b\u00e0n giao nh\u00e0, v\u1ec7 sinh s\u1ea1ch s\u1ebd \u0111\u1ec3 gia ch\u1ee7 c\u00f3 \u0111\u01b0\u1ee3c s\u1ea3n ph\u1ea9m ho\u00e0n ch\u1ec9nh<\/p><\/div>\n\t\t\t\t        <\/div>\n\t\t\t\t        <a class=\"portfolio_timeline_vertical_link\" href=\"\"  ><\/a>\n\t\t\t\t\t<\/div>\n\t\t\t\t\t\t\t\t<div class=\"swiper-slide\" style=\"background-image: url(https:\/\/sayconcept.com\/arc\/wp-content\/uploads\/2019\/10\/68949876_10215051734108759_7551967569243013120_n.jpg);\" data-year=\"01\/09\/2019\">\n\t\t\t\t\t\t<div class=\"swiper-slide-content\"><span class=\"timeline-year\">Ho\u00e0n thi\u1ec7n<\/span>\n\t\t\t\t            <h4 class=\"timeline-title\">Giao nh\u00e0<\/h4>\n\t\t\t\t            <div class=\"timeline-text\"><p>Nh\u00e0 hoan th\u00e0nh v\u00e0 giao cho gia ch\u1ee7<\/p><\/div>\n\t\t\t\t        <\/div>\n\t\t\t\t        <a class=\"portfolio_timeline_vertical_link\" href=\"\"  ><\/a>\n\t\t\t\t\t<\/div>\n\t\t\t\t\t\t<\/div>\n\t\t\t<div class=\"swiper-button-prev\"><span class=\"ti-angle-up\"><\/span><\/div>\n\t\t    <div class=\"swiper-button-next\"><span class=\"ti-angle-down\"><\/span><\/div>\n\t\t    <div class=\"swiper-pagination\"><\/div>\n\t\t<\/div>\n\t<\/div>\n<\/div>\n\t\t<\/div>\n\t\t\t\t<\/div>\n\t\t\t\t\t\t<\/div>\n\t\t\t\t\t<\/div>\n\t\t<\/div>\n\t\t\t\t\t\t\t\t<\/div>\n\t\t\t\t\t<\/div>\n\t\t<\/section>\n\t\t\t\t<section class=\"elementor-section elementor-top-section elementor-element elementor-element-dcbe745 elementor-section-boxed elementor-section-height-default elementor-section-height-default\" data-id=\"dcbe745\" data-element_type=\"section\" data-settings=\"{&quot;architecturer_ext_is_background_parallax&quot;:&quot;false&quot;,&quot;architecturer_ext_is_background_on_scroll&quot;:&quot;false&quot;}\">\n\t\t\t\t\t\t<div class=\"elementor-container elementor-column-gap-default\">\n\t\t\t\t\t\t\t<div class=\"elementor-row\">\n\t\t\t\t\t<div class=\"elementor-column elementor-col-100 elementor-top-column elementor-element elementor-element-4b6a5f6\" data-id=\"4b6a5f6\" data-element_type=\"column\" data-settings=\"{&quot;architecturer_ext_is_mobile_menu&quot;:&quot;false&quot;,&quot;architecturer_ext_is_scrollme&quot;:&quot;false&quot;,&quot;architecturer_ext_is_smoove&quot;:&quot;false&quot;,&quot;architecturer_ext_is_parallax_mouse&quot;:&quot;false&quot;,&quot;architecturer_ext_is_infinite&quot;:&quot;false&quot;,&quot;architecturer_ext_is_fadeout_animation&quot;:&quot;false&quot;}\">\n\t\t\t<div class=\"elementor-column-wrap elementor-element-populated\">\n\t\t\t\t\t\t\t<div class=\"elementor-widget-wrap\">\n\t\t\t\t\t\t<div class=\"elementor-element elementor-element-3da8c5f elementor-widget elementor-widget-text-editor\" data-id=\"3da8c5f\" data-element_type=\"widget\" data-settings=\"{&quot;architecturer_ext_is_mobile_menu&quot;:&quot;false&quot;,&quot;architecturer_ext_is_scrollme&quot;:&quot;false&quot;,&quot;architecturer_ext_is_smoove&quot;:&quot;false&quot;,&quot;architecturer_ext_is_parallax_mouse&quot;:&quot;false&quot;,&quot;architecturer_ext_is_infinite&quot;:&quot;false&quot;,&quot;architecturer_ext_is_fadeout_animation&quot;:&quot;false&quot;}\" data-widget_type=\"text-editor.default\">\n\t\t\t\t<div class=\"elementor-widget-container\">\n\t\t\t\t\t\t\t\t<div class=\"elementor-text-editor elementor-clearfix\">\n\t\t\t\t<p><strong>\u0110\u0103ng k\u00fd t\u01b0 v\u1ea5n thi\u1ebft k\u1ebf n\u1ed9i th\u1ea5t g\u1edfi v\u1ec1 \u0111\u1ecba ch\u1ec9 :<\/strong><\/p><p>Email : home.sayconcept@gmail.com<\/p><p>Hotline:\u00a0<strong>0813 138 168<\/strong><\/p><p>Fb: https:\/\/www.facebook.com\/Sayconcept\/<\/p><p><strong>B\u1ea3ng gi\u00e1 thi\u1ebft k\u1ebf ki\u1ebfn tr\u00fac : <a href=\"https:\/\/sayconcept.com\/arc\/bang-gia-thiet-ke\/\" target=\"_blank\" rel=\"noopener\">B\u1ea3ng gi\u00e1<\/a><\/strong><\/p><p><strong>B\u1ea3ng gi\u00e1 ho\u00e0n thi\u1ec7n n\u1ed9i th\u1ea5t: <a href=\"https:\/\/sayconcept.com\/arc\/bao-gia-hoan-thien-noi-that-chung-cu-2019\/\" target=\"_blank\" rel=\"noopener\">B\u1ea3ng gi\u00e1<\/a><\/strong><\/p>\t\t\t\t\t<\/div>\n\t\t\t\t\t\t<\/div>\n\t\t\t\t<\/div>\n\t\t\t\t\t\t<\/div>\n\t\t\t\t\t<\/div>\n\t\t<\/div>\n\t\t\t\t\t\t\t\t<\/div>\n\t\t\t\t\t<\/div>\n\t\t<\/section>\n\t\t\t\t\t\t<\/div>\n\t\t\t\t\t\t<\/div>\n\t\t\t\t\t<\/div>\n\t\t","protected":false},"excerpt":{"rendered":"<p>Giai \u0111o\u1ea1n thi\u1ebft k\u1ebf Thi\u1ebft k\u1ebf Ki\u1ebfn tr\u00fac Thi\u1ebft k\u1ebf M\u1eb7t b\u1eb1ng &#8211; Ph\u1ed1i c\u1ea3nh c\u00f4ng tr\u00ecnh v\u00e0 tri\u1ec3n khai b\u1ea3ng v\u1ebd Giai \u0111o\u1ea1n thi\u1ebft k\u1ebf Tri\u1ec3n khai thi\u1ebft k\u1ebf H\u1ed3 s\u01a1 tri\u1ec3n khai bao g\u1ed3m Ki\u1ebfn tr\u00fac &#8211; M&amp;E [&hellip;]<\/p>\n","protected":false},"author":1,"featured_media":0,"parent":0,"menu_order":0,"comment_status":"closed","ping_status":"closed","template":"","meta":[],"yoast_head":"<!-- This site is optimized with the Yoast SEO plugin v17.8 - https:\/\/yoast.com\/wordpress\/plugins\/seo\/ -->\n<title>X\u00e2y d\u1ef1ng nh\u00e0 ph\u1ed1 qu\u1eadn B\u00ecnh T\u00e2n - SAY concept<\/title>\n<meta name=\"robots\" content=\"index, follow, max-snippet:-1, max-image-preview:large, max-video-preview:-1\" \/>\n<link rel=\"canonical\" href=\"https:\/\/sayconcept.com\/arc\/xay-nha-gia-re-tron-goi-quan-binh-tan\/\" \/>\n<meta property=\"og:locale\" content=\"en_US\" \/>\n<meta property=\"og:type\" content=\"article\" \/>\n<meta property=\"og:title\" content=\"X\u00e2y d\u1ef1ng nh\u00e0 ph\u1ed1 qu\u1eadn B\u00ecnh T\u00e2n - SAY concept\" \/>\n<meta property=\"og:description\" content=\"Giai \u0111o\u1ea1n thi\u1ebft k\u1ebf Thi\u1ebft k\u1ebf Ki\u1ebfn tr\u00fac Thi\u1ebft k\u1ebf M\u1eb7t b\u1eb1ng &#8211; Ph\u1ed1i c\u1ea3nh c\u00f4ng tr\u00ecnh v\u00e0 tri\u1ec3n khai b\u1ea3ng v\u1ebd Giai \u0111o\u1ea1n thi\u1ebft k\u1ebf Tri\u1ec3n khai thi\u1ebft k\u1ebf H\u1ed3 s\u01a1 tri\u1ec3n khai bao g\u1ed3m Ki\u1ebfn tr\u00fac &#8211; M&amp;E [&hellip;]\" \/>\n<meta property=\"og:url\" content=\"https:\/\/sayconcept.com\/arc\/xay-nha-gia-re-tron-goi-quan-binh-tan\/\" \/>\n<meta property=\"og:site_name\" content=\"SAY concept\" \/>\n<meta property=\"article:publisher\" content=\"https:\/\/www.facebook.com\/Sayconcept\/\" \/>\n<meta property=\"article:modified_time\" content=\"2019-10-03T03:44:05+00:00\" \/>\n<meta name=\"twitter:card\" content=\"summary_large_image\" \/>\n<meta name=\"twitter:label1\" content=\"Est. reading time\" \/>\n\t<meta name=\"twitter:data1\" content=\"2 minutes\" \/>\n<script type=\"application\/ld+json\" class=\"yoast-schema-graph\">{\"@context\":\"https:\/\/schema.org\",\"@graph\":[{\"@type\":\"WebSite\",\"@id\":\"https:\/\/sayconcept.com\/arc\/#website\",\"url\":\"https:\/\/sayconcept.com\/arc\/\",\"name\":\"SAY concept\",\"description\":\"Thi\\u1ebft k\\u1ebf kh\\u00f4ng gian s\\u1ed1ng\",\"potentialAction\":[{\"@type\":\"SearchAction\",\"target\":{\"@type\":\"EntryPoint\",\"urlTemplate\":\"https:\/\/sayconcept.com\/arc\/?s={search_term_string}\"},\"query-input\":\"required name=search_term_string\"}],\"inLanguage\":\"en-US\"},{\"@type\":\"WebPage\",\"@id\":\"https:\/\/sayconcept.com\/arc\/xay-nha-gia-re-tron-goi-quan-binh-tan\/#webpage\",\"url\":\"https:\/\/sayconcept.com\/arc\/xay-nha-gia-re-tron-goi-quan-binh-tan\/\",\"name\":\"X\\u00e2y d\\u1ef1ng nh\\u00e0 ph\\u1ed1 qu\\u1eadn B\\u00ecnh T\\u00e2n - SAY concept\",\"isPartOf\":{\"@id\":\"https:\/\/sayconcept.com\/arc\/#website\"},\"datePublished\":\"2019-07-20T05:11:56+00:00\",\"dateModified\":\"2019-10-03T03:44:05+00:00\",\"breadcrumb\":{\"@id\":\"https:\/\/sayconcept.com\/arc\/xay-nha-gia-re-tron-goi-quan-binh-tan\/#breadcrumb\"},\"inLanguage\":\"en-US\",\"potentialAction\":[{\"@type\":\"ReadAction\",\"target\":[\"https:\/\/sayconcept.com\/arc\/xay-nha-gia-re-tron-goi-quan-binh-tan\/\"]}]},{\"@type\":\"BreadcrumbList\",\"@id\":\"https:\/\/sayconcept.com\/arc\/xay-nha-gia-re-tron-goi-quan-binh-tan\/#breadcrumb\",\"itemListElement\":[{\"@type\":\"ListItem\",\"position\":1,\"name\":\"Home\",\"item\":\"https:\/\/sayconcept.com\/arc\/\"},{\"@type\":\"ListItem\",\"position\":2,\"name\":\"X\\u00e2y d\\u1ef1ng nh\\u00e0 ph\\u1ed1 qu\\u1eadn B\\u00ecnh T\\u00e2n\"}]}]}<\/script>\n<!-- \/ Yoast SEO plugin. -->","yoast_head_json":{"title":"X\u00e2y d\u1ef1ng nh\u00e0 ph\u1ed1 qu\u1eadn B\u00ecnh T\u00e2n - SAY concept","robots":{"index":"index","follow":"follow","max-snippet":"max-snippet:-1","max-image-preview":"max-image-preview:large","max-video-preview":"max-video-preview:-1"},"canonical":"https:\/\/sayconcept.com\/arc\/xay-nha-gia-re-tron-goi-quan-binh-tan\/","og_locale":"en_US","og_type":"article","og_title":"X\u00e2y d\u1ef1ng nh\u00e0 ph\u1ed1 qu\u1eadn B\u00ecnh T\u00e2n - SAY concept","og_description":"Giai \u0111o\u1ea1n thi\u1ebft k\u1ebf Thi\u1ebft k\u1ebf Ki\u1ebfn tr\u00fac Thi\u1ebft k\u1ebf M\u1eb7t b\u1eb1ng &#8211; Ph\u1ed1i c\u1ea3nh c\u00f4ng tr\u00ecnh v\u00e0 tri\u1ec3n khai b\u1ea3ng v\u1ebd Giai \u0111o\u1ea1n thi\u1ebft k\u1ebf Tri\u1ec3n khai thi\u1ebft k\u1ebf H\u1ed3 s\u01a1 tri\u1ec3n khai bao g\u1ed3m Ki\u1ebfn tr\u00fac &#8211; M&amp;E [&hellip;]","og_url":"https:\/\/sayconcept.com\/arc\/xay-nha-gia-re-tron-goi-quan-binh-tan\/","og_site_name":"SAY concept","article_publisher":"https:\/\/www.facebook.com\/Sayconcept\/","article_modified_time":"2019-10-03T03:44:05+00:00","twitter_card":"summary_large_image","twitter_misc":{"Est. reading time":"2 minutes"},"schema":{"@context":"https:\/\/schema.org","@graph":[{"@type":"WebSite","@id":"https:\/\/sayconcept.com\/arc\/#website","url":"https:\/\/sayconcept.com\/arc\/","name":"SAY concept","description":"Thi\u1ebft k\u1ebf kh\u00f4ng gian s\u1ed1ng","potentialAction":[{"@type":"SearchAction","target":{"@type":"EntryPoint","urlTemplate":"https:\/\/sayconcept.com\/arc\/?s={search_term_string}"},"query-input":"required name=search_term_string"}],"inLanguage":"en-US"},{"@type":"WebPage","@id":"https:\/\/sayconcept.com\/arc\/xay-nha-gia-re-tron-goi-quan-binh-tan\/#webpage","url":"https:\/\/sayconcept.com\/arc\/xay-nha-gia-re-tron-goi-quan-binh-tan\/","name":"X\u00e2y d\u1ef1ng nh\u00e0 ph\u1ed1 qu\u1eadn B\u00ecnh T\u00e2n - SAY concept","isPartOf":{"@id":"https:\/\/sayconcept.com\/arc\/#website"},"datePublished":"2019-07-20T05:11:56+00:00","dateModified":"2019-10-03T03:44:05+00:00","breadcrumb":{"@id":"https:\/\/sayconcept.com\/arc\/xay-nha-gia-re-tron-goi-quan-binh-tan\/#breadcrumb"},"inLanguage":"en-US","potentialAction":[{"@type":"ReadAction","target":["https:\/\/sayconcept.com\/arc\/xay-nha-gia-re-tron-goi-quan-binh-tan\/"]}]},{"@type":"BreadcrumbList","@id":"https:\/\/sayconcept.com\/arc\/xay-nha-gia-re-tron-goi-quan-binh-tan\/#breadcrumb","itemListElement":[{"@type":"ListItem","position":1,"name":"Home","item":"https:\/\/sayconcept.com\/arc\/"},{"@type":"ListItem","position":2,"name":"X\u00e2y d\u1ef1ng nh\u00e0 ph\u1ed1 qu\u1eadn B\u00ecnh T\u00e2n"}]}]}},"_links":{"self":[{"href":"https:\/\/sayconcept.com\/arc\/wp-json\/wp\/v2\/pages\/5206"}],"collection":[{"href":"https:\/\/sayconcept.com\/arc\/wp-json\/wp\/v2\/pages"}],"about":[{"href":"https:\/\/sayconcept.com\/arc\/wp-json\/wp\/v2\/types\/page"}],"author":[{"embeddable":true,"href":"https:\/\/sayconcept.com\/arc\/wp-json\/wp\/v2\/users\/1"}],"replies":[{"embeddable":true,"href":"https:\/\/sayconcept.com\/arc\/wp-json\/wp\/v2\/comments?post=5206"}],"version-history":[{"count":10,"href":"https:\/\/sayconcept.com\/arc\/wp-json\/wp\/v2\/pages\/5206\/revisions"}],"predecessor-version":[{"id":5384,"href":"https:\/\/sayconcept.com\/arc\/wp-json\/wp\/v2\/pages\/5206\/revisions\/5384"}],"wp:attachment":[{"href":"https:\/\/sayconcept.com\/arc\/wp-json\/wp\/v2\/media?parent=5206"}],"curies":[{"name":"wp","href":"https:\/\/api.w.org\/{rel}","templated":true}]}}