{"id":3673,"date":"2018-10-30T14:17:53","date_gmt":"2018-10-30T07:17:53","guid":{"rendered":"https:\/\/sayconcept.com\/arc\/?page_id=3673"},"modified":"2018-11-06T11:20:34","modified_gmt":"2018-11-06T04:20:34","slug":"quy-trinh-thiet-ke-thi-cong-noi-that-van-phong","status":"publish","type":"page","link":"https:\/\/sayconcept.com\/arc\/quy-trinh-thiet-ke-thi-cong-noi-that-van-phong\/","title":{"rendered":"Quy tr\u00ecnh hi\u1ebft k\u1ebf thi c\u00f4ng n\u1ed9i th\u1ea5t v\u0103n ph\u00f2ng"},"content":{"rendered":"\t\t<div data-elementor-type=\"wp-post\" data-elementor-id=\"3673\" class=\"elementor elementor-3673 elementor-bc-flex-widget\" data-elementor-settings=\"[]\">\n\t\t\t\t\t\t<div class=\"elementor-inner\">\n\t\t\t\t\t\t\t<div class=\"elementor-section-wrap\">\n\t\t\t\t\t\t\t<section class=\"elementor-section elementor-top-section elementor-element elementor-element-5fe077a elementor-section-boxed elementor-section-height-default elementor-section-height-default\" data-id=\"5fe077a\" data-element_type=\"section\" data-settings=\"{&quot;architecturer_ext_is_background_parallax&quot;:&quot;false&quot;,&quot;architecturer_ext_is_background_on_scroll&quot;:&quot;false&quot;}\">\n\t\t\t\t\t\t<div class=\"elementor-container elementor-column-gap-default\">\n\t\t\t\t\t\t\t<div class=\"elementor-row\">\n\t\t\t\t\t<div class=\"elementor-column elementor-col-66 elementor-top-column elementor-element elementor-element-59b5c36\" data-id=\"59b5c36\" data-element_type=\"column\" data-settings=\"{&quot;architecturer_ext_is_mobile_menu&quot;:&quot;false&quot;,&quot;architecturer_ext_is_scrollme&quot;:&quot;false&quot;,&quot;architecturer_ext_is_smoove&quot;:&quot;false&quot;,&quot;architecturer_ext_is_parallax_mouse&quot;:&quot;false&quot;,&quot;architecturer_ext_is_infinite&quot;:&quot;false&quot;,&quot;architecturer_ext_is_fadeout_animation&quot;:&quot;false&quot;}\">\n\t\t\t<div class=\"elementor-column-wrap elementor-element-populated\">\n\t\t\t\t\t\t\t<div class=\"elementor-widget-wrap\">\n\t\t\t\t\t\t<div class=\"elementor-element elementor-element-a2436c4 elementor-widget elementor-widget-heading\" data-id=\"a2436c4\" data-element_type=\"widget\" data-settings=\"{&quot;architecturer_ext_is_mobile_menu&quot;:&quot;false&quot;,&quot;architecturer_ext_is_scrollme&quot;:&quot;false&quot;,&quot;architecturer_ext_is_smoove&quot;:&quot;false&quot;,&quot;architecturer_ext_is_parallax_mouse&quot;:&quot;false&quot;,&quot;architecturer_ext_is_infinite&quot;:&quot;false&quot;,&quot;architecturer_ext_is_fadeout_animation&quot;:&quot;false&quot;}\" data-widget_type=\"heading.default\">\n\t\t\t\t<div class=\"elementor-widget-container\">\n\t\t\t<h2 class=\"elementor-heading-title elementor-size-default\">B\u01b0\u1edbc 1: Ti\u1ebfp nh\u1eadn y\u00eau c\u1ea7u t\u1eeb kh\u00e1ch h\u00e0ng<\/h2>\t\t<\/div>\n\t\t\t\t<\/div>\n\t\t\t\t<div class=\"elementor-element elementor-element-8638d89 elementor-widget elementor-widget-text-editor\" data-id=\"8638d89\" data-element_type=\"widget\" data-settings=\"{&quot;architecturer_ext_is_mobile_menu&quot;:&quot;false&quot;,&quot;architecturer_ext_is_scrollme&quot;:&quot;false&quot;,&quot;architecturer_ext_is_smoove&quot;:&quot;false&quot;,&quot;architecturer_ext_is_parallax_mouse&quot;:&quot;false&quot;,&quot;architecturer_ext_is_infinite&quot;:&quot;false&quot;,&quot;architecturer_ext_is_fadeout_animation&quot;:&quot;false&quot;}\" data-widget_type=\"text-editor.default\">\n\t\t\t\t<div class=\"elementor-widget-container\">\n\t\t\t\t\t\t\t\t<div class=\"elementor-text-editor elementor-clearfix\">\n\t\t\t\t<p>Nh\u1eadn \u0111\u01b0\u1ee3c y\u00eau c\u1ea7u t\u1eeb kh\u00e1ch h\u00e0ng, Sayconcept s\u1ebd t\u01b0 v\u1ea5n , trao \u0111\u1ed5i r\u00f5 v\u1edbi kh\u00e1ch h\u00e0ng v\u1ec1 c\u00e1c y\u00eau c\u1ea7u, mong mu\u1ed1n v\u00e0 nh\u1eefng \u0111i\u1ec1u c\u1ea7n l\u01b0u \u00fd khi thi\u1ebft k\u1ebf v\u0103n ph\u00f2ng<\/p>\t\t\t\t\t<\/div>\n\t\t\t\t\t\t<\/div>\n\t\t\t\t<\/div>\n\t\t\t\t<div class=\"elementor-element elementor-element-66249d9 elementor-widget elementor-widget-heading\" data-id=\"66249d9\" data-element_type=\"widget\" data-settings=\"{&quot;architecturer_ext_is_mobile_menu&quot;:&quot;false&quot;,&quot;architecturer_ext_is_scrollme&quot;:&quot;false&quot;,&quot;architecturer_ext_is_smoove&quot;:&quot;false&quot;,&quot;architecturer_ext_is_parallax_mouse&quot;:&quot;false&quot;,&quot;architecturer_ext_is_infinite&quot;:&quot;false&quot;,&quot;architecturer_ext_is_fadeout_animation&quot;:&quot;false&quot;}\" data-widget_type=\"heading.default\">\n\t\t\t\t<div class=\"elementor-widget-container\">\n\t\t\t<h2 class=\"elementor-heading-title elementor-size-default\">B\u01b0\u1edbc 2: Thi\u1ebft k\u1ebf v\u0103n ph\u00f2ng<\/h2>\t\t<\/div>\n\t\t\t\t<\/div>\n\t\t\t\t<div class=\"elementor-element elementor-element-064ec84 elementor-widget elementor-widget-image\" data-id=\"064ec84\" data-element_type=\"widget\" data-settings=\"{&quot;architecturer_image_is_animation&quot;:&quot;false&quot;,&quot;architecturer_ext_is_mobile_menu&quot;:&quot;false&quot;,&quot;architecturer_ext_is_scrollme&quot;:&quot;false&quot;,&quot;architecturer_ext_is_smoove&quot;:&quot;false&quot;,&quot;architecturer_ext_is_parallax_mouse&quot;:&quot;false&quot;,&quot;architecturer_ext_is_infinite&quot;:&quot;false&quot;,&quot;architecturer_ext_is_fadeout_animation&quot;:&quot;false&quot;}\" data-widget_type=\"image.default\">\n\t\t\t\t<div class=\"elementor-widget-container\">\n\t\t\t\t\t\t\t\t<div class=\"elementor-image\">\n\t\t\t\t\t\t\t\t\t\t\t\t<img width=\"768\" height=\"536\" src=\"https:\/\/sayconcept.com\/arc\/wp-content\/uploads\/2018\/10\/sayconcept-thietke-noithat-vanphong-768x536.jpg\" class=\"attachment-medium_large size-medium_large\" alt=\"Thi\u1ebft k\u1ebf n\u1ed9i th\u1ea5t v\u0103n ph\u00f2ng\" loading=\"lazy\" srcset=\"https:\/\/sayconcept.com\/arc\/wp-content\/uploads\/2018\/10\/sayconcept-thietke-noithat-vanphong-768x536.jpg 768w, https:\/\/sayconcept.com\/arc\/wp-content\/uploads\/2018\/10\/sayconcept-thietke-noithat-vanphong-600x419.jpg 600w, https:\/\/sayconcept.com\/arc\/wp-content\/uploads\/2018\/10\/sayconcept-thietke-noithat-vanphong-300x209.jpg 300w, https:\/\/sayconcept.com\/arc\/wp-content\/uploads\/2018\/10\/sayconcept-thietke-noithat-vanphong-440x307.jpg 440w, https:\/\/sayconcept.com\/arc\/wp-content\/uploads\/2018\/10\/sayconcept-thietke-noithat-vanphong.jpg 864w\" sizes=\"(max-width: 768px) 100vw, 768px\" \/>\t\t\t\t\t\t\t\t\t\t\t\t\t\t<\/div>\n\t\t\t\t\t\t<\/div>\n\t\t\t\t<\/div>\n\t\t\t\t<div class=\"elementor-element elementor-element-2fa4684 elementor-widget elementor-widget-text-editor\" data-id=\"2fa4684\" data-element_type=\"widget\" data-settings=\"{&quot;architecturer_ext_is_mobile_menu&quot;:&quot;false&quot;,&quot;architecturer_ext_is_scrollme&quot;:&quot;false&quot;,&quot;architecturer_ext_is_smoove&quot;:&quot;false&quot;,&quot;architecturer_ext_is_parallax_mouse&quot;:&quot;false&quot;,&quot;architecturer_ext_is_infinite&quot;:&quot;false&quot;,&quot;architecturer_ext_is_fadeout_animation&quot;:&quot;false&quot;}\" data-widget_type=\"text-editor.default\">\n\t\t\t\t<div class=\"elementor-widget-container\">\n\t\t\t\t\t\t\t\t<div class=\"elementor-text-editor elementor-clearfix\">\n\t\t\t\t<p>SAY Concept cung c\u1ea5p gi\u1ea3i ph\u00e1p thi\u1ebft k\u1ebf v\u0103n ph\u00f2ng t\u1ed5ng th\u1ec3, bao g\u1ed3m v\u00e0 kh\u00f4ng gi\u1edbi h\u1ea1n c\u00e1c h\u1ea1ng m\u1ee5c:<\/p><p>1. Thi\u1ebft k\u1ebf m\u1eb7t b\u1eb1ng c\u00f4ng n\u0103ng, b\u1ed1 tr\u00ed kh\u00f4ng gian<\/p><p>2. D\u1ef1ng h\u00ecnh ph\u1ed1i c\u1ea3nh<\/p><p>3. Thi\u1ebft k\u1ebf k\u1ef9 thu\u1eadt thi c\u00f4ng: h\u1ea1ng m\u1ee5c x\u00e2y d\u1ef1ng, ho\u00e0n thi\u1ec7n, h\u1ea1ng m\u1ee5c \u0111i\u1ec7n, m\u1ea1ng, tho\u1ea1i, PCCC, An ninh, Camera, \u00c2m thanh&#8230;<\/p><p>4. Thi\u1ebft k\u1ebf c\u00e1c h\u1ea1ng m\u1ee5c trang tr\u00ed, nh\u1eadn di\u1ec7n th\u01b0\u01a1ng hi\u1ec7u th\u00f4ng qua kh\u00f4ng gian<\/p>\t\t\t\t\t<\/div>\n\t\t\t\t\t\t<\/div>\n\t\t\t\t<\/div>\n\t\t\t\t<div class=\"elementor-element elementor-element-89983d4 elementor-widget elementor-widget-heading\" data-id=\"89983d4\" data-element_type=\"widget\" data-settings=\"{&quot;architecturer_ext_is_mobile_menu&quot;:&quot;false&quot;,&quot;architecturer_ext_is_scrollme&quot;:&quot;false&quot;,&quot;architecturer_ext_is_smoove&quot;:&quot;false&quot;,&quot;architecturer_ext_is_parallax_mouse&quot;:&quot;false&quot;,&quot;architecturer_ext_is_infinite&quot;:&quot;false&quot;,&quot;architecturer_ext_is_fadeout_animation&quot;:&quot;false&quot;}\" data-widget_type=\"heading.default\">\n\t\t\t\t<div class=\"elementor-widget-container\">\n\t\t\t<h2 class=\"elementor-heading-title elementor-size-default\">B\u01b0\u1edbc 1: Thi c\u00f4ng n\u1ed9i th\u1ea5t v\u0103n ph\u00f2ng <\/h2>\t\t<\/div>\n\t\t\t\t<\/div>\n\t\t\t\t<div class=\"elementor-element elementor-element-543b0ce elementor-widget elementor-widget-text-editor\" data-id=\"543b0ce\" data-element_type=\"widget\" data-settings=\"{&quot;architecturer_ext_is_mobile_menu&quot;:&quot;false&quot;,&quot;architecturer_ext_is_scrollme&quot;:&quot;false&quot;,&quot;architecturer_ext_is_smoove&quot;:&quot;false&quot;,&quot;architecturer_ext_is_parallax_mouse&quot;:&quot;false&quot;,&quot;architecturer_ext_is_infinite&quot;:&quot;false&quot;,&quot;architecturer_ext_is_fadeout_animation&quot;:&quot;false&quot;}\" data-widget_type=\"text-editor.default\">\n\t\t\t\t<div class=\"elementor-widget-container\">\n\t\t\t\t\t\t\t\t<div class=\"elementor-text-editor elementor-clearfix\">\n\t\t\t\t<div>Thi c\u00f4ng N\u1ed9i th\u1ea5t l\u00e0 m\u1ed9t d\u1ecbch v\u1ee5 \u0111\u1ed3ng b\u1ed9 v\u1edbi c\u00e1c d\u1ecbch v\u1ee5 thi\u1ebft k\u1ebf \u0111\u1ec3 t\u1ea1o n\u00ean m\u1ed9t kh\u00f4ng gian n\u1ed9i th\u1ea5t ho\u00e0n ch\u1ec9nh trong th\u1ef1c t\u1ebf. N\u1eafm b\u1eaft nhu c\u1ea7u c\u1ee7a kh\u00e1ch h\u00e0ng, d\u1ecbch v\u1ee5 n\u00e0y c\u1ee7a ch\u00fang t\u00f4i cung c\u1ea5p h\u00e0ng lo\u1ea1t c\u00e1c h\u1ea1ng m\u1ee5c ho\u00e0n thi\u1ec7n theo h\u00ecnh th\u1ee9c tr\u1ecdn g\u00f3i.\u00a0<\/div><div>100% \u0111\u1ed3 n\u1ed9i th\u1ea5t \u0111\u01b0\u1ee3c thi c\u00f4ng d\u01b0\u1edbi s\u1ef1 gi\u00e1m s\u00e1t li\u00ean t\u1ee5c c\u1ee7a b\u1ed9 ph\u1eadn thi\u1ebft k\u1ebf v\u00e0 gi\u00e1m s\u00e1t thi c\u00f4ng.\u00a0<br \/>Ch\u00fang t\u00f4i \u0111\u1ea3m b\u1ea3o nh\u1eefng thi\u1ebft k\u1ebf \u0111\u01b0\u1ee3c hi\u1ec7n th\u1ef1c h\u00f3a v\u1edbi ti\u00eau ch\u00ed: Ti\u1ebft ki\u1ec7m &#8211; Nhanh ch\u00f3ng &#8211; Ch\u00ednh x\u00e1c &#8211; Ch\u1ea5t l\u01b0\u1ee3ng.<\/div><div>\u00a0<\/div><div>\u00a0<\/div>\t\t\t\t\t<\/div>\n\t\t\t\t\t\t<\/div>\n\t\t\t\t<\/div>\n\t\t\t\t<div class=\"elementor-element elementor-element-250f5f5 elementor-widget elementor-widget-text-editor\" data-id=\"250f5f5\" data-element_type=\"widget\" data-settings=\"{&quot;architecturer_ext_is_mobile_menu&quot;:&quot;false&quot;,&quot;architecturer_ext_is_scrollme&quot;:&quot;false&quot;,&quot;architecturer_ext_is_smoove&quot;:&quot;false&quot;,&quot;architecturer_ext_is_parallax_mouse&quot;:&quot;false&quot;,&quot;architecturer_ext_is_infinite&quot;:&quot;false&quot;,&quot;architecturer_ext_is_fadeout_animation&quot;:&quot;false&quot;}\" data-widget_type=\"text-editor.default\">\n\t\t\t\t<div class=\"elementor-widget-container\">\n\t\t\t\t\t\t\t\t<div class=\"elementor-text-editor elementor-clearfix\">\n\t\t\t\t<div>Sau khi c\u00f3 \u0111\u01b0\u1ee3c nh\u1eefng thi\u1ebft k\u1ebf \u01b0ng \u00fd, vi\u1ec7c hi\u1ec7n th\u1ef1c h\u00f3a nh\u1eefng \u00fd t\u01b0\u1edfng tr\u00ean gi\u1ea5y bi\u1ebfn ch\u00fang th\u00e0nh th\u1ef1c t\u1ebf l\u00e0 m\u1ed9t ch\u1eb7ng \u0111\u01b0\u1eddng d\u00e0i v\u00e0 r\u1ea5t quan tr\u1ecdng. \u0110\u1eebng lo l\u1eafng v\u00ec ch\u00fang t\u00f4i s\u1ebd gi\u00fap b\u1ea1n bi\u1ebfn n\u00f3 th\u00e0nh m\u1ed9t \u0111i\u1ec1u \u0111\u01a1n gi\u1ea3n, nhanh ch\u00f3ng.\u00a0<\/div><div>V\u1edbi \u0111\u1ed9i ng\u0169 nh\u00e2n c\u00f4ng l\u00e0nh ngh\u1ec1, \u0111\u01b0\u1ee3c \u0111\u00e0o t\u1ea1o b\u00e0i b\u1ea3n, am hi\u1ec3u s\u00e2u s\u1eafc v\u1ec1 l\u0129nh v\u1ef1c\u00a0thi c\u00f4ng n\u1ed9i th\u1ea5t\u00a0ch\u00fang t\u00f4i \u0111\u1ea3m b\u1ea3o b\u1ea1n \u0111\u01b0\u1ee3c ph\u1ee5c v\u1ee5 b\u1edfi nh\u1eefng ng\u01b0\u1eddi chuy\u00ean nghi\u1ec7p nh\u1ea5t, \u0111\u1ea1t \u0111\u01b0\u1ee3c nh\u1eefng k\u1ebft qu\u1ea3 t\u1ed1t nh\u1ea5t trong kho\u1ea3ng th\u1eddi gian ng\u1eafn nh\u1ea5t.<\/div>\t\t\t\t\t<\/div>\n\t\t\t\t\t\t<\/div>\n\t\t\t\t<\/div>\n\t\t\t\t<div class=\"elementor-element elementor-element-c342285 elementor-widget elementor-widget-image\" data-id=\"c342285\" data-element_type=\"widget\" data-settings=\"{&quot;architecturer_image_is_animation&quot;:&quot;false&quot;,&quot;architecturer_ext_is_mobile_menu&quot;:&quot;false&quot;,&quot;architecturer_ext_is_scrollme&quot;:&quot;false&quot;,&quot;architecturer_ext_is_smoove&quot;:&quot;false&quot;,&quot;architecturer_ext_is_parallax_mouse&quot;:&quot;false&quot;,&quot;architecturer_ext_is_infinite&quot;:&quot;false&quot;,&quot;architecturer_ext_is_fadeout_animation&quot;:&quot;false&quot;}\" data-widget_type=\"image.default\">\n\t\t\t\t<div class=\"elementor-widget-container\">\n\t\t\t\t\t\t\t\t<div class=\"elementor-image\">\n\t\t\t\t\t\t\t\t\t\t\t\t<img width=\"768\" height=\"532\" src=\"https:\/\/sayconcept.com\/arc\/wp-content\/uploads\/2018\/10\/sayconcept-quytrinh-thietke-thicong-vanphong-768x532.png\" class=\"attachment-medium_large size-medium_large\" alt=\"Quy tr\u00ecnh thi\u1ebft k\u1ebf thi c\u00f4ng v\u0103n ph\u00f2ng\" loading=\"lazy\" srcset=\"https:\/\/sayconcept.com\/arc\/wp-content\/uploads\/2018\/10\/sayconcept-quytrinh-thietke-thicong-vanphong-768x532.png 768w, https:\/\/sayconcept.com\/arc\/wp-content\/uploads\/2018\/10\/sayconcept-quytrinh-thietke-thicong-vanphong-600x415.png 600w, https:\/\/sayconcept.com\/arc\/wp-content\/uploads\/2018\/10\/sayconcept-quytrinh-thietke-thicong-vanphong-300x208.png 300w, https:\/\/sayconcept.com\/arc\/wp-content\/uploads\/2018\/10\/sayconcept-quytrinh-thietke-thicong-vanphong-1024x709.png 1024w, https:\/\/sayconcept.com\/arc\/wp-content\/uploads\/2018\/10\/sayconcept-quytrinh-thietke-thicong-vanphong-440x305.png 440w, https:\/\/sayconcept.com\/arc\/wp-content\/uploads\/2018\/10\/sayconcept-quytrinh-thietke-thicong-vanphong.png 1179w\" sizes=\"(max-width: 768px) 100vw, 768px\" \/>\t\t\t\t\t\t\t\t\t\t\t\t\t\t<\/div>\n\t\t\t\t\t\t<\/div>\n\t\t\t\t<\/div>\n\t\t\t\t<div class=\"elementor-element elementor-element-9bf8f38 elementor-widget elementor-widget-text-editor\" data-id=\"9bf8f38\" data-element_type=\"widget\" data-settings=\"{&quot;architecturer_ext_is_mobile_menu&quot;:&quot;false&quot;,&quot;architecturer_ext_is_scrollme&quot;:&quot;false&quot;,&quot;architecturer_ext_is_smoove&quot;:&quot;false&quot;,&quot;architecturer_ext_is_parallax_mouse&quot;:&quot;false&quot;,&quot;architecturer_ext_is_infinite&quot;:&quot;false&quot;,&quot;architecturer_ext_is_fadeout_animation&quot;:&quot;false&quot;}\" data-widget_type=\"text-editor.default\">\n\t\t\t\t<div class=\"elementor-widget-container\">\n\t\t\t\t\t\t\t\t<div class=\"elementor-text-editor elementor-clearfix\">\n\t\t\t\t<div>Ch\u00fang t\u00f4i thi c\u00f4ng t\u1ea5t c\u1ea3 c\u00e1c h\u1ea1ng m\u1ee5c: Thi c\u00f4ng tr\u1ea7n, th\u1ea1ch cao, v\u00e1ch ng\u0103n, n\u1ec1n, s\u00e0n, s\u1ea3n ph\u1ea9m n\u1ed9i th\u1ea5t cho \u0111\u1ebfn c\u00e1c ph\u1ee5 ki\u1ec7n nh\u1ecf nh\u1ea5t. T\u1ea5t c\u1ea3 nh\u1eb1m mang l\u1ea1i m\u1ed9t kh\u00f4ng gian ho\u00e0n h\u1ea3o v\u1edbi ph\u01b0\u01a1ng ch\u00e2m \u201cCh\u00eca kh\u00f3a trao tay\u201d \u0111\u1ebfn t\u1eebng kh\u00e1ch h\u00e0ng.\u00a0<\/div><div>C\u00f9ng v\u1edbi \u0111\u1ed9i ng\u0169 th\u1ee3 tay ngh\u1ec1 cao, SAY Concept t\u1ef1 h\u00e0o s\u1edf h\u1eefu x\u01b0\u1edfng s\u1ea3n xu\u1ea5t\u00a0n\u1ed9i th\u1ea5t\u00a0v\u1edbi quy m\u00f4 l\u1edbn, trang thi\u1ebft b\u1ecb hi\u1ec7n \u0111\u1ea1i s\u1eb5n s\u00e0ng bi\u1ebfn \u01b0\u1edbc m\u01a1 c\u1ee7a b\u1ea1n th\u00e0nh hi\u1ec7n th\u1ef1c.<\/div>\t\t\t\t\t<\/div>\n\t\t\t\t\t\t<\/div>\n\t\t\t\t<\/div>\n\t\t\t\t\t\t<\/div>\n\t\t\t\t\t<\/div>\n\t\t<\/div>\n\t\t\t\t<div class=\"elementor-column elementor-col-33 elementor-top-column elementor-element elementor-element-6a7cb95\" data-id=\"6a7cb95\" data-element_type=\"column\" data-settings=\"{&quot;architecturer_ext_is_mobile_menu&quot;:&quot;false&quot;,&quot;architecturer_ext_is_scrollme&quot;:&quot;false&quot;,&quot;architecturer_ext_is_smoove&quot;:&quot;false&quot;,&quot;architecturer_ext_is_parallax_mouse&quot;:&quot;false&quot;,&quot;architecturer_ext_is_infinite&quot;:&quot;false&quot;,&quot;architecturer_ext_is_fadeout_animation&quot;:&quot;false&quot;}\">\n\t\t\t<div class=\"elementor-column-wrap\">\n\t\t\t\t\t\t\t<div class=\"elementor-widget-wrap\">\n\t\t\t\t\t\t\t\t<\/div>\n\t\t\t\t\t<\/div>\n\t\t<\/div>\n\t\t\t\t\t\t\t\t<\/div>\n\t\t\t\t\t<\/div>\n\t\t<\/section>\n\t\t\t\t\t\t<\/div>\n\t\t\t\t\t\t<\/div>\n\t\t\t\t\t<\/div>\n\t\t","protected":false},"excerpt":{"rendered":"<p>B\u01b0\u1edbc 1: Ti\u1ebfp nh\u1eadn y\u00eau c\u1ea7u t\u1eeb kh\u00e1ch h\u00e0ng Nh\u1eadn \u0111\u01b0\u1ee3c y\u00eau c\u1ea7u t\u1eeb kh\u00e1ch h\u00e0ng, Sayconcept s\u1ebd t\u01b0 v\u1ea5n , trao \u0111\u1ed5i r\u00f5 v\u1edbi kh\u00e1ch h\u00e0ng v\u1ec1 c\u00e1c y\u00eau c\u1ea7u, mong mu\u1ed1n v\u00e0 nh\u1eefng \u0111i\u1ec1u c\u1ea7n l\u01b0u \u00fd khi [&hellip;]<\/p>\n","protected":false},"author":1,"featured_media":3676,"parent":0,"menu_order":0,"comment_status":"closed","ping_status":"closed","template":"","meta":[],"yoast_head":"<!-- This site is optimized with the Yoast SEO plugin v17.8 - https:\/\/yoast.com\/wordpress\/plugins\/seo\/ -->\n<title>Quy tr\u00ecnh hi\u1ebft k\u1ebf thi c\u00f4ng n\u1ed9i th\u1ea5t v\u0103n ph\u00f2ng - SAY concept<\/title>\n<meta name=\"description\" content=\"SAY CONCEPT - Thi\u1ebft k\u1ebf Ki\u1ebfn tr\u00fac N\u1ed9i th\u1ea5t C\u1ea3nh quang c\u00f4ng tr\u00ecnh d\u00e2n d\u1ee5ng : Nh\u00e0 ph\u1ed1, Bi\u1ec7t th\u1ef1, C\u0103n h\u1ed9 chung c\u01b0, V\u0103n ph\u00f2ng, Qu\u00e1n c\u00e0 ph\u00ea, Nh\u00e0 h\u00e0ng ...\" \/>\n<meta name=\"robots\" content=\"index, follow, max-snippet:-1, max-image-preview:large, max-video-preview:-1\" \/>\n<link rel=\"canonical\" href=\"https:\/\/sayconcept.com\/arc\/quy-trinh-thiet-ke-thi-cong-noi-that-van-phong\/\" \/>\n<meta property=\"og:locale\" content=\"en_US\" \/>\n<meta property=\"og:type\" content=\"article\" \/>\n<meta property=\"og:title\" content=\"Quy tr\u00ecnh hi\u1ebft k\u1ebf thi c\u00f4ng n\u1ed9i th\u1ea5t v\u0103n ph\u00f2ng - SAY concept\" \/>\n<meta property=\"og:description\" content=\"SAY CONCEPT - Thi\u1ebft k\u1ebf Ki\u1ebfn tr\u00fac N\u1ed9i th\u1ea5t C\u1ea3nh quang c\u00f4ng tr\u00ecnh d\u00e2n d\u1ee5ng : Nh\u00e0 ph\u1ed1, Bi\u1ec7t th\u1ef1, C\u0103n h\u1ed9 chung c\u01b0, V\u0103n ph\u00f2ng, Qu\u00e1n c\u00e0 ph\u00ea, Nh\u00e0 h\u00e0ng ...\" \/>\n<meta property=\"og:url\" content=\"https:\/\/sayconcept.com\/arc\/quy-trinh-thiet-ke-thi-cong-noi-that-van-phong\/\" \/>\n<meta property=\"og:site_name\" content=\"SAY concept\" \/>\n<meta property=\"article:publisher\" content=\"https:\/\/www.facebook.com\/Sayconcept\/\" \/>\n<meta property=\"article:modified_time\" content=\"2018-11-06T04:20:34+00:00\" \/>\n<meta property=\"og:image\" content=\"https:\/\/sayconcept.com\/arc\/wp-content\/uploads\/2018\/10\/sayconcept-thue-vanphong-1-1.jpg\" \/>\n\t<meta property=\"og:image:width\" content=\"1396\" \/>\n\t<meta property=\"og:image:height\" content=\"746\" \/>\n<meta name=\"twitter:card\" content=\"summary_large_image\" \/>\n<meta name=\"twitter:label1\" content=\"Est. reading time\" \/>\n\t<meta name=\"twitter:data1\" content=\"3 minutes\" \/>\n<script type=\"application\/ld+json\" class=\"yoast-schema-graph\">{\"@context\":\"https:\/\/schema.org\",\"@graph\":[{\"@type\":\"WebSite\",\"@id\":\"https:\/\/sayconcept.com\/arc\/#website\",\"url\":\"https:\/\/sayconcept.com\/arc\/\",\"name\":\"SAY concept\",\"description\":\"Thi\\u1ebft k\\u1ebf kh\\u00f4ng gian s\\u1ed1ng\",\"potentialAction\":[{\"@type\":\"SearchAction\",\"target\":{\"@type\":\"EntryPoint\",\"urlTemplate\":\"https:\/\/sayconcept.com\/arc\/?s={search_term_string}\"},\"query-input\":\"required name=search_term_string\"}],\"inLanguage\":\"en-US\"},{\"@type\":\"ImageObject\",\"@id\":\"https:\/\/sayconcept.com\/arc\/quy-trinh-thiet-ke-thi-cong-noi-that-van-phong\/#primaryimage\",\"inLanguage\":\"en-US\",\"url\":\"https:\/\/sayconcept.com\/arc\/wp-content\/uploads\/2018\/10\/sayconcept-thue-vanphong-1-1.jpg\",\"contentUrl\":\"https:\/\/sayconcept.com\/arc\/wp-content\/uploads\/2018\/10\/sayconcept-thue-vanphong-1-1.jpg\",\"width\":1396,\"height\":746,\"caption\":\"Thi\\u1ebft k\\u1ebf v\\u00e0 thi c\\u00f4ng n\\u00f4i th\\u1ea5t v\\u0103n ph\\u00f2ng\"},{\"@type\":\"WebPage\",\"@id\":\"https:\/\/sayconcept.com\/arc\/quy-trinh-thiet-ke-thi-cong-noi-that-van-phong\/#webpage\",\"url\":\"https:\/\/sayconcept.com\/arc\/quy-trinh-thiet-ke-thi-cong-noi-that-van-phong\/\",\"name\":\"Quy tr\\u00ecnh hi\\u1ebft k\\u1ebf thi c\\u00f4ng n\\u1ed9i th\\u1ea5t v\\u0103n ph\\u00f2ng - SAY concept\",\"isPartOf\":{\"@id\":\"https:\/\/sayconcept.com\/arc\/#website\"},\"primaryImageOfPage\":{\"@id\":\"https:\/\/sayconcept.com\/arc\/quy-trinh-thiet-ke-thi-cong-noi-that-van-phong\/#primaryimage\"},\"datePublished\":\"2018-10-30T07:17:53+00:00\",\"dateModified\":\"2018-11-06T04:20:34+00:00\",\"description\":\"SAY CONCEPT - Thi\\u1ebft k\\u1ebf Ki\\u1ebfn tr\\u00fac N\\u1ed9i th\\u1ea5t C\\u1ea3nh quang c\\u00f4ng tr\\u00ecnh d\\u00e2n d\\u1ee5ng : Nh\\u00e0 ph\\u1ed1, Bi\\u1ec7t th\\u1ef1, C\\u0103n h\\u1ed9 chung c\\u01b0, V\\u0103n ph\\u00f2ng, Qu\\u00e1n c\\u00e0 ph\\u00ea, Nh\\u00e0 h\\u00e0ng ...\",\"breadcrumb\":{\"@id\":\"https:\/\/sayconcept.com\/arc\/quy-trinh-thiet-ke-thi-cong-noi-that-van-phong\/#breadcrumb\"},\"inLanguage\":\"en-US\",\"potentialAction\":[{\"@type\":\"ReadAction\",\"target\":[\"https:\/\/sayconcept.com\/arc\/quy-trinh-thiet-ke-thi-cong-noi-that-van-phong\/\"]}]},{\"@type\":\"BreadcrumbList\",\"@id\":\"https:\/\/sayconcept.com\/arc\/quy-trinh-thiet-ke-thi-cong-noi-that-van-phong\/#breadcrumb\",\"itemListElement\":[{\"@type\":\"ListItem\",\"position\":1,\"name\":\"Home\",\"item\":\"https:\/\/sayconcept.com\/arc\/\"},{\"@type\":\"ListItem\",\"position\":2,\"name\":\"Quy tr\\u00ecnh hi\\u1ebft k\\u1ebf thi c\\u00f4ng n\\u1ed9i th\\u1ea5t v\\u0103n ph\\u00f2ng\"}]}]}<\/script>\n<!-- \/ Yoast SEO plugin. -->","yoast_head_json":{"title":"Quy tr\u00ecnh hi\u1ebft k\u1ebf thi c\u00f4ng n\u1ed9i th\u1ea5t v\u0103n ph\u00f2ng - SAY concept","description":"SAY CONCEPT - Thi\u1ebft k\u1ebf Ki\u1ebfn tr\u00fac N\u1ed9i th\u1ea5t C\u1ea3nh quang c\u00f4ng tr\u00ecnh d\u00e2n d\u1ee5ng : Nh\u00e0 ph\u1ed1, Bi\u1ec7t th\u1ef1, C\u0103n h\u1ed9 chung c\u01b0, V\u0103n ph\u00f2ng, Qu\u00e1n c\u00e0 ph\u00ea, Nh\u00e0 h\u00e0ng ...","robots":{"index":"index","follow":"follow","max-snippet":"max-snippet:-1","max-image-preview":"max-image-preview:large","max-video-preview":"max-video-preview:-1"},"canonical":"https:\/\/sayconcept.com\/arc\/quy-trinh-thiet-ke-thi-cong-noi-that-van-phong\/","og_locale":"en_US","og_type":"article","og_title":"Quy tr\u00ecnh hi\u1ebft k\u1ebf thi c\u00f4ng n\u1ed9i th\u1ea5t v\u0103n ph\u00f2ng - SAY concept","og_description":"SAY CONCEPT - Thi\u1ebft k\u1ebf Ki\u1ebfn tr\u00fac N\u1ed9i th\u1ea5t C\u1ea3nh quang c\u00f4ng tr\u00ecnh d\u00e2n d\u1ee5ng : Nh\u00e0 ph\u1ed1, Bi\u1ec7t th\u1ef1, C\u0103n h\u1ed9 chung c\u01b0, V\u0103n ph\u00f2ng, Qu\u00e1n c\u00e0 ph\u00ea, Nh\u00e0 h\u00e0ng ...","og_url":"https:\/\/sayconcept.com\/arc\/quy-trinh-thiet-ke-thi-cong-noi-that-van-phong\/","og_site_name":"SAY concept","article_publisher":"https:\/\/www.facebook.com\/Sayconcept\/","article_modified_time":"2018-11-06T04:20:34+00:00","og_image":[{"width":1396,"height":746,"url":"https:\/\/sayconcept.com\/arc\/wp-content\/uploads\/2018\/10\/sayconcept-thue-vanphong-1-1.jpg","type":"image\/jpeg"}],"twitter_card":"summary_large_image","twitter_misc":{"Est. reading time":"3 minutes"},"schema":{"@context":"https:\/\/schema.org","@graph":[{"@type":"WebSite","@id":"https:\/\/sayconcept.com\/arc\/#website","url":"https:\/\/sayconcept.com\/arc\/","name":"SAY concept","description":"Thi\u1ebft k\u1ebf kh\u00f4ng gian s\u1ed1ng","potentialAction":[{"@type":"SearchAction","target":{"@type":"EntryPoint","urlTemplate":"https:\/\/sayconcept.com\/arc\/?s={search_term_string}"},"query-input":"required name=search_term_string"}],"inLanguage":"en-US"},{"@type":"ImageObject","@id":"https:\/\/sayconcept.com\/arc\/quy-trinh-thiet-ke-thi-cong-noi-that-van-phong\/#primaryimage","inLanguage":"en-US","url":"https:\/\/sayconcept.com\/arc\/wp-content\/uploads\/2018\/10\/sayconcept-thue-vanphong-1-1.jpg","contentUrl":"https:\/\/sayconcept.com\/arc\/wp-content\/uploads\/2018\/10\/sayconcept-thue-vanphong-1-1.jpg","width":1396,"height":746,"caption":"Thi\u1ebft k\u1ebf v\u00e0 thi c\u00f4ng n\u00f4i th\u1ea5t v\u0103n ph\u00f2ng"},{"@type":"WebPage","@id":"https:\/\/sayconcept.com\/arc\/quy-trinh-thiet-ke-thi-cong-noi-that-van-phong\/#webpage","url":"https:\/\/sayconcept.com\/arc\/quy-trinh-thiet-ke-thi-cong-noi-that-van-phong\/","name":"Quy tr\u00ecnh hi\u1ebft k\u1ebf thi c\u00f4ng n\u1ed9i th\u1ea5t v\u0103n ph\u00f2ng - SAY concept","isPartOf":{"@id":"https:\/\/sayconcept.com\/arc\/#website"},"primaryImageOfPage":{"@id":"https:\/\/sayconcept.com\/arc\/quy-trinh-thiet-ke-thi-cong-noi-that-van-phong\/#primaryimage"},"datePublished":"2018-10-30T07:17:53+00:00","dateModified":"2018-11-06T04:20:34+00:00","description":"SAY CONCEPT - Thi\u1ebft k\u1ebf Ki\u1ebfn tr\u00fac N\u1ed9i th\u1ea5t C\u1ea3nh quang c\u00f4ng tr\u00ecnh d\u00e2n d\u1ee5ng : Nh\u00e0 ph\u1ed1, Bi\u1ec7t th\u1ef1, C\u0103n h\u1ed9 chung c\u01b0, V\u0103n ph\u00f2ng, Qu\u00e1n c\u00e0 ph\u00ea, Nh\u00e0 h\u00e0ng ...","breadcrumb":{"@id":"https:\/\/sayconcept.com\/arc\/quy-trinh-thiet-ke-thi-cong-noi-that-van-phong\/#breadcrumb"},"inLanguage":"en-US","potentialAction":[{"@type":"ReadAction","target":["https:\/\/sayconcept.com\/arc\/quy-trinh-thiet-ke-thi-cong-noi-that-van-phong\/"]}]},{"@type":"BreadcrumbList","@id":"https:\/\/sayconcept.com\/arc\/quy-trinh-thiet-ke-thi-cong-noi-that-van-phong\/#breadcrumb","itemListElement":[{"@type":"ListItem","position":1,"name":"Home","item":"https:\/\/sayconcept.com\/arc\/"},{"@type":"ListItem","position":2,"name":"Quy tr\u00ecnh hi\u1ebft k\u1ebf thi c\u00f4ng n\u1ed9i th\u1ea5t v\u0103n ph\u00f2ng"}]}]}},"_links":{"self":[{"href":"https:\/\/sayconcept.com\/arc\/wp-json\/wp\/v2\/pages\/3673"}],"collection":[{"href":"https:\/\/sayconcept.com\/arc\/wp-json\/wp\/v2\/pages"}],"about":[{"href":"https:\/\/sayconcept.com\/arc\/wp-json\/wp\/v2\/types\/page"}],"author":[{"embeddable":true,"href":"https:\/\/sayconcept.com\/arc\/wp-json\/wp\/v2\/users\/1"}],"replies":[{"embeddable":true,"href":"https:\/\/sayconcept.com\/arc\/wp-json\/wp\/v2\/comments?post=3673"}],"version-history":[{"count":11,"href":"https:\/\/sayconcept.com\/arc\/wp-json\/wp\/v2\/pages\/3673\/revisions"}],"predecessor-version":[{"id":3923,"href":"https:\/\/sayconcept.com\/arc\/wp-json\/wp\/v2\/pages\/3673\/revisions\/3923"}],"wp:featuredmedia":[{"embeddable":true,"href":"https:\/\/sayconcept.com\/arc\/wp-json\/wp\/v2\/media\/3676"}],"wp:attachment":[{"href":"https:\/\/sayconcept.com\/arc\/wp-json\/wp\/v2\/media?parent=3673"}],"curies":[{"name":"wp","href":"https:\/\/api.w.org\/{rel}","templated":true}]}}