{"id":3374,"date":"2018-10-15T22:25:40","date_gmt":"2018-10-15T15:25:40","guid":{"rendered":"https:\/\/sayconcept.com\/arc\/?page_id=3374"},"modified":"2018-10-21T10:40:04","modified_gmt":"2018-10-21T03:40:04","slug":"homestay-vung-tau","status":"publish","type":"page","link":"https:\/\/sayconcept.com\/arc\/homestay-vung-tau\/","title":{"rendered":"D\u1ef0 \u00c1N | Homestay V\u0169ng T\u00e0u"},"content":{"rendered":"\t\t<div data-elementor-type=\"wp-post\" data-elementor-id=\"3374\" class=\"elementor elementor-3374 elementor-bc-flex-widget\" data-elementor-settings=\"[]\">\n\t\t\t\t\t\t<div class=\"elementor-inner\">\n\t\t\t\t\t\t\t<div class=\"elementor-section-wrap\">\n\t\t\t\t\t\t\t<section class=\"elementor-section elementor-top-section elementor-element elementor-element-32683a7f elementor-section-stretched elementor-section-height-min-height elementor-section-boxed elementor-section-height-default elementor-section-items-middle\" data-id=\"32683a7f\" data-element_type=\"section\" data-settings=\"{&quot;stretch_section&quot;:&quot;section-stretched&quot;,&quot;background_background&quot;:&quot;classic&quot;,&quot;architecturer_ext_is_background_parallax&quot;:&quot;false&quot;,&quot;architecturer_ext_is_background_on_scroll&quot;:&quot;false&quot;}\">\n\t\t\t\t\t\t<div class=\"elementor-container elementor-column-gap-default\">\n\t\t\t\t\t\t\t<div class=\"elementor-row\">\n\t\t\t\t\t<div class=\"elementor-column elementor-col-100 elementor-top-column elementor-element elementor-element-2c6f3af3\" data-id=\"2c6f3af3\" data-element_type=\"column\" data-settings=\"{&quot;architecturer_ext_is_mobile_menu&quot;:&quot;false&quot;,&quot;architecturer_ext_is_scrollme&quot;:&quot;false&quot;,&quot;architecturer_ext_is_smoove&quot;:&quot;false&quot;,&quot;architecturer_ext_is_parallax_mouse&quot;:&quot;false&quot;,&quot;architecturer_ext_is_infinite&quot;:&quot;false&quot;,&quot;architecturer_ext_is_fadeout_animation&quot;:&quot;false&quot;}\">\n\t\t\t<div class=\"elementor-column-wrap\">\n\t\t\t\t\t\t\t<div class=\"elementor-widget-wrap\">\n\t\t\t\t\t\t\t\t<\/div>\n\t\t\t\t\t<\/div>\n\t\t<\/div>\n\t\t\t\t\t\t\t\t<\/div>\n\t\t\t\t\t<\/div>\n\t\t<\/section>\n\t\t\t\t<section class=\"elementor-section elementor-top-section elementor-element elementor-element-27e3edbf elementor-section-boxed elementor-section-height-default elementor-section-height-default\" data-id=\"27e3edbf\" data-element_type=\"section\" data-settings=\"{&quot;architecturer_ext_is_background_parallax&quot;:&quot;false&quot;,&quot;architecturer_ext_is_background_on_scroll&quot;:&quot;false&quot;}\">\n\t\t\t\t\t\t<div class=\"elementor-container elementor-column-gap-default\">\n\t\t\t\t\t\t\t<div class=\"elementor-row\">\n\t\t\t\t\t<div class=\"elementor-column elementor-col-100 elementor-top-column elementor-element elementor-element-6f23b7a9\" data-id=\"6f23b7a9\" data-element_type=\"column\" data-settings=\"{&quot;architecturer_ext_is_mobile_menu&quot;:&quot;false&quot;,&quot;architecturer_ext_is_scrollme&quot;:&quot;false&quot;,&quot;architecturer_ext_is_smoove&quot;:&quot;false&quot;,&quot;architecturer_ext_is_parallax_mouse&quot;:&quot;false&quot;,&quot;architecturer_ext_is_infinite&quot;:&quot;false&quot;,&quot;architecturer_ext_is_fadeout_animation&quot;:&quot;false&quot;}\">\n\t\t\t<div class=\"elementor-column-wrap elementor-element-populated\">\n\t\t\t\t\t\t\t<div class=\"elementor-widget-wrap\">\n\t\t\t\t\t\t<div class=\"elementor-element elementor-element-1092c3c8 elementor-widget elementor-widget-spacer\" data-id=\"1092c3c8\" data-element_type=\"widget\" data-settings=\"{&quot;architecturer_ext_is_mobile_menu&quot;:&quot;false&quot;,&quot;architecturer_ext_is_scrollme&quot;:&quot;false&quot;,&quot;architecturer_ext_is_smoove&quot;:&quot;false&quot;,&quot;architecturer_ext_is_parallax_mouse&quot;:&quot;false&quot;,&quot;architecturer_ext_is_infinite&quot;:&quot;false&quot;,&quot;architecturer_ext_is_fadeout_animation&quot;:&quot;false&quot;}\" data-widget_type=\"spacer.default\">\n\t\t\t\t<div class=\"elementor-widget-container\">\n\t\t\t\t\t<div class=\"elementor-spacer\">\n\t\t\t<div class=\"elementor-spacer-inner\"><\/div>\n\t\t<\/div>\n\t\t\t\t<\/div>\n\t\t\t\t<\/div>\n\t\t\t\t\t\t<\/div>\n\t\t\t\t\t<\/div>\n\t\t<\/div>\n\t\t\t\t\t\t\t\t<\/div>\n\t\t\t\t\t<\/div>\n\t\t<\/section>\n\t\t\t\t<section class=\"elementor-section elementor-top-section elementor-element elementor-element-415e9ce0 elementor-section-boxed elementor-section-height-default elementor-section-height-default\" data-id=\"415e9ce0\" data-element_type=\"section\" data-settings=\"{&quot;architecturer_ext_is_background_parallax&quot;:&quot;false&quot;,&quot;architecturer_ext_is_background_on_scroll&quot;:&quot;false&quot;}\">\n\t\t\t\t\t\t<div class=\"elementor-container elementor-column-gap-wider\">\n\t\t\t\t\t\t\t<div class=\"elementor-row\">\n\t\t\t\t\t<div class=\"elementor-column elementor-col-33 elementor-top-column elementor-element elementor-element-4d26183c\" data-id=\"4d26183c\" data-element_type=\"column\" data-settings=\"{&quot;architecturer_ext_is_mobile_menu&quot;:&quot;false&quot;,&quot;architecturer_ext_is_scrollme&quot;:&quot;false&quot;,&quot;architecturer_ext_is_smoove&quot;:&quot;false&quot;,&quot;architecturer_ext_is_parallax_mouse&quot;:&quot;false&quot;,&quot;architecturer_ext_is_infinite&quot;:&quot;false&quot;,&quot;architecturer_ext_is_fadeout_animation&quot;:&quot;false&quot;}\">\n\t\t\t<div class=\"elementor-column-wrap elementor-element-populated\">\n\t\t\t\t\t\t\t<div class=\"elementor-widget-wrap\">\n\t\t\t\t\t\t<div class=\"elementor-element elementor-element-10937fb1 elementor-widget elementor-widget-image-gallery\" data-id=\"10937fb1\" data-element_type=\"widget\" data-settings=\"{&quot;architecturer_ext_is_mobile_menu&quot;:&quot;false&quot;,&quot;architecturer_ext_is_scrollme&quot;:&quot;false&quot;,&quot;architecturer_ext_is_smoove&quot;:&quot;false&quot;,&quot;architecturer_ext_is_parallax_mouse&quot;:&quot;false&quot;,&quot;architecturer_ext_is_infinite&quot;:&quot;false&quot;,&quot;architecturer_ext_is_fadeout_animation&quot;:&quot;false&quot;}\" data-widget_type=\"image-gallery.default\">\n\t\t\t\t<div class=\"elementor-widget-container\">\n\t\t\t\t\t<div class=\"elementor-image-gallery\">\n\t\t\t\n\t\t<style type=\"text\/css\">\n\t\t\t#gallery-1 {\n\t\t\t\tmargin: auto;\n\t\t\t}\n\t\t\t#gallery-1 .gallery-item {\n\t\t\t\tfloat: left;\n\t\t\t\tmargin-top: 10px;\n\t\t\t\ttext-align: center;\n\t\t\t\twidth: 100%;\n\t\t\t}\n\t\t\t#gallery-1 img {\n\t\t\t\tborder: 2px solid #cfcfcf;\n\t\t\t}\n\t\t\t#gallery-1 .gallery-caption {\n\t\t\t\tmargin-left: 0;\n\t\t\t}\n\t\t\t\/* see gallery_shortcode() in wp-includes\/media.php *\/\n\t\t<\/style>\n\t\t<div id='gallery-1' class='gallery galleryid-3374 gallery-columns-1 gallery-size-architecturer-gallery-grid'><dl class='gallery-item'>\n\t\t\t<dt class='gallery-icon landscape'>\n\t\t\t\t<a data-elementor-open-lightbox=\"yes\" data-elementor-lightbox-slideshow=\"10937fb1\" data-elementor-lightbox-title=\"sayconcept.homstayvungtau-06\" data-elementor-lightbox-description=\"Homestay V\u0169ng T\u00e0u\u200b\" href='https:\/\/sayconcept.com\/arc\/wp-content\/uploads\/2018\/10\/sayconcept.homstayvungtau-06.jpg'><img width=\"700\" height=\"466\" src=\"https:\/\/sayconcept.com\/arc\/wp-content\/uploads\/2018\/10\/sayconcept.homstayvungtau-06-700x466.jpg\" class=\"attachment-architecturer-gallery-grid size-architecturer-gallery-grid\" alt=\"Homestay V\u0169ng T\u00e0u\u200b\" loading=\"lazy\" aria-describedby=\"gallery-1-3379\" \/><\/a>\n\t\t\t<\/dt>\n\t\t\t\t<dd class='wp-caption-text gallery-caption' id='gallery-1-3379'>\n\t\t\t\tHomestay V\u0169ng T\u00e0u\u200b\n\t\t\t\t<\/dd><\/dl><br style=\"clear: both\" \/><dl class='gallery-item'>\n\t\t\t<dt class='gallery-icon landscape'>\n\t\t\t\t<a data-elementor-open-lightbox=\"yes\" data-elementor-lightbox-slideshow=\"10937fb1\" data-elementor-lightbox-title=\"sayconcept.homstayvungtau-07\" data-elementor-lightbox-description=\"Homestay V\u0169ng T\u00e0u\u200b\" href='https:\/\/sayconcept.com\/arc\/wp-content\/uploads\/2018\/10\/sayconcept.homstayvungtau-07.jpg'><img width=\"700\" height=\"466\" src=\"https:\/\/sayconcept.com\/arc\/wp-content\/uploads\/2018\/10\/sayconcept.homstayvungtau-07-700x466.jpg\" class=\"attachment-architecturer-gallery-grid size-architecturer-gallery-grid\" alt=\"\" loading=\"lazy\" aria-describedby=\"gallery-1-3380\" \/><\/a>\n\t\t\t<\/dt>\n\t\t\t\t<dd class='wp-caption-text gallery-caption' id='gallery-1-3380'>\n\t\t\t\tHomestay V\u0169ng T\u00e0u\u200b\n\t\t\t\t<\/dd><\/dl><br style=\"clear: both\" \/><dl class='gallery-item'>\n\t\t\t<dt class='gallery-icon landscape'>\n\t\t\t\t<a data-elementor-open-lightbox=\"yes\" data-elementor-lightbox-slideshow=\"10937fb1\" data-elementor-lightbox-title=\"sayconcept.homstayvungtau-05\" data-elementor-lightbox-description=\"Homestay V\u0169ng T\u00e0u\u200b\" href='https:\/\/sayconcept.com\/arc\/wp-content\/uploads\/2018\/10\/sayconcept.homstayvungtau-05.jpg'><img width=\"700\" height=\"466\" src=\"https:\/\/sayconcept.com\/arc\/wp-content\/uploads\/2018\/10\/sayconcept.homstayvungtau-05-700x466.jpg\" class=\"attachment-architecturer-gallery-grid size-architecturer-gallery-grid\" alt=\"Homestay V\u0169ng T\u00e0u\u200b\" loading=\"lazy\" aria-describedby=\"gallery-1-3378\" \/><\/a>\n\t\t\t<\/dt>\n\t\t\t\t<dd class='wp-caption-text gallery-caption' id='gallery-1-3378'>\n\t\t\t\tHomestay V\u0169ng T\u00e0u\u200b\n\t\t\t\t<\/dd><\/dl><br style=\"clear: both\" \/><dl class='gallery-item'>\n\t\t\t<dt class='gallery-icon landscape'>\n\t\t\t\t<a data-elementor-open-lightbox=\"yes\" data-elementor-lightbox-slideshow=\"10937fb1\" data-elementor-lightbox-title=\"sayconcept.homstayvungtau-03\" data-elementor-lightbox-description=\"Homestay V\u0169ng T\u00e0u\u200b\" href='https:\/\/sayconcept.com\/arc\/wp-content\/uploads\/2018\/10\/sayconcept.homstayvungtau-03.jpg'><img width=\"700\" height=\"466\" src=\"https:\/\/sayconcept.com\/arc\/wp-content\/uploads\/2018\/10\/sayconcept.homstayvungtau-03-700x466.jpg\" class=\"attachment-architecturer-gallery-grid size-architecturer-gallery-grid\" alt=\"Homestay V\u0169ng T\u00e0u\u200b\" loading=\"lazy\" aria-describedby=\"gallery-1-3377\" \/><\/a>\n\t\t\t<\/dt>\n\t\t\t\t<dd class='wp-caption-text gallery-caption' id='gallery-1-3377'>\n\t\t\t\tHomestay V\u0169ng T\u00e0u\u200b\n\t\t\t\t<\/dd><\/dl><br style=\"clear: both\" \/>\n\t\t<\/div>\n\t\t<\/div>\n\t\t\t\t<\/div>\n\t\t\t\t<\/div>\n\t\t\t\t\t\t<\/div>\n\t\t\t\t\t<\/div>\n\t\t<\/div>\n\t\t\t\t<div class=\"elementor-column elementor-col-66 elementor-top-column elementor-element elementor-element-526a2462\" data-id=\"526a2462\" data-element_type=\"column\" data-settings=\"{&quot;architecturer_ext_is_mobile_menu&quot;:&quot;false&quot;,&quot;architecturer_ext_is_scrollme&quot;:&quot;false&quot;,&quot;architecturer_ext_is_smoove&quot;:&quot;false&quot;,&quot;architecturer_ext_is_parallax_mouse&quot;:&quot;false&quot;,&quot;architecturer_ext_is_infinite&quot;:&quot;false&quot;,&quot;architecturer_ext_is_fadeout_animation&quot;:&quot;false&quot;}\">\n\t\t\t<div class=\"elementor-column-wrap elementor-element-populated\">\n\t\t\t\t\t\t\t<div class=\"elementor-widget-wrap\">\n\t\t\t\t\t\t<div class=\"elementor-element elementor-element-39919fd9 elementor-widget elementor-widget-heading\" data-id=\"39919fd9\" data-element_type=\"widget\" data-settings=\"{&quot;architecturer_ext_is_mobile_menu&quot;:&quot;false&quot;,&quot;architecturer_ext_is_scrollme&quot;:&quot;false&quot;,&quot;architecturer_ext_is_smoove&quot;:&quot;false&quot;,&quot;architecturer_ext_is_parallax_mouse&quot;:&quot;false&quot;,&quot;architecturer_ext_is_infinite&quot;:&quot;false&quot;,&quot;architecturer_ext_is_fadeout_animation&quot;:&quot;false&quot;}\" data-widget_type=\"heading.default\">\n\t\t\t\t<div class=\"elementor-widget-container\">\n\t\t\t<h2 class=\"elementor-heading-title elementor-size-default\">Homestay V\u0169ng T\u00e0u<\/h2>\t\t<\/div>\n\t\t\t\t<\/div>\n\t\t\t\t<div class=\"elementor-element elementor-element-70d1a2f9 elementor-widget elementor-widget-spacer\" data-id=\"70d1a2f9\" data-element_type=\"widget\" data-settings=\"{&quot;architecturer_ext_is_mobile_menu&quot;:&quot;false&quot;,&quot;architecturer_ext_is_scrollme&quot;:&quot;false&quot;,&quot;architecturer_ext_is_smoove&quot;:&quot;false&quot;,&quot;architecturer_ext_is_parallax_mouse&quot;:&quot;false&quot;,&quot;architecturer_ext_is_infinite&quot;:&quot;false&quot;,&quot;architecturer_ext_is_fadeout_animation&quot;:&quot;false&quot;}\" data-widget_type=\"spacer.default\">\n\t\t\t\t<div class=\"elementor-widget-container\">\n\t\t\t\t\t<div class=\"elementor-spacer\">\n\t\t\t<div class=\"elementor-spacer-inner\"><\/div>\n\t\t<\/div>\n\t\t\t\t<\/div>\n\t\t\t\t<\/div>\n\t\t\t\t<div class=\"elementor-element elementor-element-2d19d3c3 elementor-widget elementor-widget-text-editor\" data-id=\"2d19d3c3\" data-element_type=\"widget\" data-settings=\"{&quot;architecturer_ext_is_mobile_menu&quot;:&quot;false&quot;,&quot;architecturer_ext_is_scrollme&quot;:&quot;false&quot;,&quot;architecturer_ext_is_smoove&quot;:&quot;false&quot;,&quot;architecturer_ext_is_parallax_mouse&quot;:&quot;false&quot;,&quot;architecturer_ext_is_infinite&quot;:&quot;false&quot;,&quot;architecturer_ext_is_fadeout_animation&quot;:&quot;false&quot;}\" data-widget_type=\"text-editor.default\">\n\t\t\t\t<div class=\"elementor-widget-container\">\n\t\t\t\t\t\t\t\t<div class=\"elementor-text-editor elementor-clearfix\">\n\t\t\t\t<p><strong>V\u1ecb tr\u00ed :<\/strong> Qu\u1ed1c l\u1ed9 13 &#8211; Qu\u1eadn Th\u1ee7 \u0110\u1ee9c<\/p><p><strong>Quy m\u00f4:<\/strong> 1 tr\u1ec7t<\/p><p>C\u00e3i t\u1ea1o nh\u00e0 \u1edf c\u1ea5p 4 th\u00e0nh homestay .<\/p>\t\t\t\t\t<\/div>\n\t\t\t\t\t\t<\/div>\n\t\t\t\t<\/div>\n\t\t\t\t<div class=\"elementor-element elementor-element-68f026ec elementor-widget elementor-widget-spacer\" data-id=\"68f026ec\" data-element_type=\"widget\" data-settings=\"{&quot;architecturer_ext_is_mobile_menu&quot;:&quot;false&quot;,&quot;architecturer_ext_is_scrollme&quot;:&quot;false&quot;,&quot;architecturer_ext_is_smoove&quot;:&quot;false&quot;,&quot;architecturer_ext_is_parallax_mouse&quot;:&quot;false&quot;,&quot;architecturer_ext_is_infinite&quot;:&quot;false&quot;,&quot;architecturer_ext_is_fadeout_animation&quot;:&quot;false&quot;}\" data-widget_type=\"spacer.default\">\n\t\t\t\t<div class=\"elementor-widget-container\">\n\t\t\t\t\t<div class=\"elementor-spacer\">\n\t\t\t<div class=\"elementor-spacer-inner\"><\/div>\n\t\t<\/div>\n\t\t\t\t<\/div>\n\t\t\t\t<\/div>\n\t\t\t\t<div class=\"elementor-element elementor-element-6331fcb elementor-widget elementor-widget-image\" data-id=\"6331fcb\" data-element_type=\"widget\" data-settings=\"{&quot;architecturer_image_is_animation&quot;:&quot;false&quot;,&quot;architecturer_ext_is_mobile_menu&quot;:&quot;false&quot;,&quot;architecturer_ext_is_scrollme&quot;:&quot;false&quot;,&quot;architecturer_ext_is_smoove&quot;:&quot;false&quot;,&quot;architecturer_ext_is_parallax_mouse&quot;:&quot;false&quot;,&quot;architecturer_ext_is_infinite&quot;:&quot;false&quot;,&quot;architecturer_ext_is_fadeout_animation&quot;:&quot;false&quot;}\" data-widget_type=\"image.default\">\n\t\t\t\t<div class=\"elementor-widget-container\">\n\t\t\t\t\t\t\t\t<div class=\"elementor-image\">\n\t\t\t\t\t\t\t\t\t\t\t\t<img width=\"1024\" height=\"444\" src=\"https:\/\/sayconcept.com\/arc\/wp-content\/uploads\/2018\/10\/sayconcept.homstayvungtau-02-1024x444.jpg\" class=\"attachment-large size-large\" alt=\"\" loading=\"lazy\" srcset=\"https:\/\/sayconcept.com\/arc\/wp-content\/uploads\/2018\/10\/sayconcept.homstayvungtau-02-1024x444.jpg 1024w, https:\/\/sayconcept.com\/arc\/wp-content\/uploads\/2018\/10\/sayconcept.homstayvungtau-02-600x260.jpg 600w, https:\/\/sayconcept.com\/arc\/wp-content\/uploads\/2018\/10\/sayconcept.homstayvungtau-02-300x130.jpg 300w, https:\/\/sayconcept.com\/arc\/wp-content\/uploads\/2018\/10\/sayconcept.homstayvungtau-02-768x333.jpg 768w, https:\/\/sayconcept.com\/arc\/wp-content\/uploads\/2018\/10\/sayconcept.homstayvungtau-02-440x191.jpg 440w, https:\/\/sayconcept.com\/arc\/wp-content\/uploads\/2018\/10\/sayconcept.homstayvungtau-02.jpg 2048w\" sizes=\"(max-width: 1024px) 100vw, 1024px\" \/>\t\t\t\t\t\t\t\t\t\t\t\t\t\t<\/div>\n\t\t\t\t\t\t<\/div>\n\t\t\t\t<\/div>\n\t\t\t\t\t\t<\/div>\n\t\t\t\t\t<\/div>\n\t\t<\/div>\n\t\t\t\t\t\t\t\t<\/div>\n\t\t\t\t\t<\/div>\n\t\t<\/section>\n\t\t\t\t\t\t<\/div>\n\t\t\t\t\t\t<\/div>\n\t\t\t\t\t<\/div>\n\t\t","protected":false},"excerpt":{"rendered":"<p>Homestay V\u0169ng T\u00e0u\u200b &nbsp; Homestay V\u0169ng T\u00e0u\u200b &nbsp; Homestay V\u0169ng T\u00e0u\u200b &nbsp; Homestay V\u0169ng T\u00e0u\u200b &nbsp; Homestay V\u0169ng T\u00e0u V\u1ecb tr\u00ed : Qu\u1ed1c l\u1ed9 13 &#8211; Qu\u1eadn Th\u1ee7 \u0110\u1ee9c Quy m\u00f4: 1 tr\u1ec7t C\u00e3i t\u1ea1o nh\u00e0 \u1edf c\u1ea5p 4 th\u00e0nh [&hellip;]<\/p>\n","protected":false},"author":1,"featured_media":0,"parent":0,"menu_order":0,"comment_status":"closed","ping_status":"closed","template":"","meta":[],"yoast_head":"<!-- This site is optimized with the Yoast SEO plugin v17.8 - https:\/\/yoast.com\/wordpress\/plugins\/seo\/ -->\n<title>D\u1ef0 \u00c1N | Homestay V\u0169ng T\u00e0u - SAY concept<\/title>\n<meta name=\"robots\" content=\"index, follow, max-snippet:-1, max-image-preview:large, max-video-preview:-1\" \/>\n<link rel=\"canonical\" href=\"https:\/\/sayconcept.com\/arc\/homestay-vung-tau\/\" \/>\n<meta property=\"og:locale\" content=\"en_US\" \/>\n<meta property=\"og:type\" content=\"article\" \/>\n<meta property=\"og:title\" content=\"D\u1ef0 \u00c1N | Homestay V\u0169ng T\u00e0u - SAY concept\" \/>\n<meta property=\"og:description\" content=\"Homestay V\u0169ng T\u00e0u\u200b &nbsp; Homestay V\u0169ng T\u00e0u\u200b &nbsp; Homestay V\u0169ng T\u00e0u\u200b &nbsp; Homestay V\u0169ng T\u00e0u\u200b &nbsp; Homestay V\u0169ng T\u00e0u V\u1ecb tr\u00ed : Qu\u1ed1c l\u1ed9 13 &#8211; Qu\u1eadn Th\u1ee7 \u0110\u1ee9c Quy m\u00f4: 1 tr\u1ec7t C\u00e3i t\u1ea1o nh\u00e0 \u1edf c\u1ea5p 4 th\u00e0nh [&hellip;]\" \/>\n<meta property=\"og:url\" content=\"https:\/\/sayconcept.com\/arc\/homestay-vung-tau\/\" \/>\n<meta property=\"og:site_name\" content=\"SAY concept\" \/>\n<meta property=\"article:publisher\" content=\"https:\/\/www.facebook.com\/Sayconcept\/\" \/>\n<meta property=\"article:modified_time\" content=\"2018-10-21T03:40:04+00:00\" \/>\n<meta property=\"og:image\" content=\"https:\/\/sayconcept.com\/arc\/wp-content\/uploads\/2018\/10\/sayconcept.homstayvungtau-06-700x466.jpg\" \/>\n<meta name=\"twitter:card\" content=\"summary_large_image\" \/>\n<script type=\"application\/ld+json\" class=\"yoast-schema-graph\">{\"@context\":\"https:\/\/schema.org\",\"@graph\":[{\"@type\":\"WebSite\",\"@id\":\"https:\/\/sayconcept.com\/arc\/#website\",\"url\":\"https:\/\/sayconcept.com\/arc\/\",\"name\":\"SAY concept\",\"description\":\"Thi\\u1ebft k\\u1ebf kh\\u00f4ng gian s\\u1ed1ng\",\"potentialAction\":[{\"@type\":\"SearchAction\",\"target\":{\"@type\":\"EntryPoint\",\"urlTemplate\":\"https:\/\/sayconcept.com\/arc\/?s={search_term_string}\"},\"query-input\":\"required name=search_term_string\"}],\"inLanguage\":\"en-US\"},{\"@type\":\"ImageObject\",\"@id\":\"https:\/\/sayconcept.com\/arc\/homestay-vung-tau\/#primaryimage\",\"inLanguage\":\"en-US\",\"url\":\"https:\/\/sayconcept.com\/arc\/wp-content\/uploads\/2018\/10\/sayconcept.homstayvungtau-06.jpg\",\"contentUrl\":\"https:\/\/sayconcept.com\/arc\/wp-content\/uploads\/2018\/10\/sayconcept.homstayvungtau-06.jpg\",\"width\":2048,\"height\":1088,\"caption\":\"Homestay V\\u0169ng T\\u00e0u\\u200b\"},{\"@type\":\"WebPage\",\"@id\":\"https:\/\/sayconcept.com\/arc\/homestay-vung-tau\/#webpage\",\"url\":\"https:\/\/sayconcept.com\/arc\/homestay-vung-tau\/\",\"name\":\"D\\u1ef0 \\u00c1N | Homestay V\\u0169ng T\\u00e0u - SAY concept\",\"isPartOf\":{\"@id\":\"https:\/\/sayconcept.com\/arc\/#website\"},\"primaryImageOfPage\":{\"@id\":\"https:\/\/sayconcept.com\/arc\/homestay-vung-tau\/#primaryimage\"},\"datePublished\":\"2018-10-15T15:25:40+00:00\",\"dateModified\":\"2018-10-21T03:40:04+00:00\",\"breadcrumb\":{\"@id\":\"https:\/\/sayconcept.com\/arc\/homestay-vung-tau\/#breadcrumb\"},\"inLanguage\":\"en-US\",\"potentialAction\":[{\"@type\":\"ReadAction\",\"target\":[\"https:\/\/sayconcept.com\/arc\/homestay-vung-tau\/\"]}]},{\"@type\":\"BreadcrumbList\",\"@id\":\"https:\/\/sayconcept.com\/arc\/homestay-vung-tau\/#breadcrumb\",\"itemListElement\":[{\"@type\":\"ListItem\",\"position\":1,\"name\":\"Home\",\"item\":\"https:\/\/sayconcept.com\/arc\/\"},{\"@type\":\"ListItem\",\"position\":2,\"name\":\"D\\u1ef0 \\u00c1N | Homestay V\\u0169ng T\\u00e0u\"}]}]}<\/script>\n<!-- \/ Yoast SEO plugin. -->","yoast_head_json":{"title":"D\u1ef0 \u00c1N | Homestay V\u0169ng T\u00e0u - SAY concept","robots":{"index":"index","follow":"follow","max-snippet":"max-snippet:-1","max-image-preview":"max-image-preview:large","max-video-preview":"max-video-preview:-1"},"canonical":"https:\/\/sayconcept.com\/arc\/homestay-vung-tau\/","og_locale":"en_US","og_type":"article","og_title":"D\u1ef0 \u00c1N | Homestay V\u0169ng T\u00e0u - SAY concept","og_description":"Homestay V\u0169ng T\u00e0u\u200b &nbsp; Homestay V\u0169ng T\u00e0u\u200b &nbsp; Homestay V\u0169ng T\u00e0u\u200b &nbsp; Homestay V\u0169ng T\u00e0u\u200b &nbsp; Homestay V\u0169ng T\u00e0u V\u1ecb tr\u00ed : Qu\u1ed1c l\u1ed9 13 &#8211; Qu\u1eadn Th\u1ee7 \u0110\u1ee9c Quy m\u00f4: 1 tr\u1ec7t C\u00e3i t\u1ea1o nh\u00e0 \u1edf c\u1ea5p 4 th\u00e0nh [&hellip;]","og_url":"https:\/\/sayconcept.com\/arc\/homestay-vung-tau\/","og_site_name":"SAY concept","article_publisher":"https:\/\/www.facebook.com\/Sayconcept\/","article_modified_time":"2018-10-21T03:40:04+00:00","og_image":[{"url":"https:\/\/sayconcept.com\/arc\/wp-content\/uploads\/2018\/10\/sayconcept.homstayvungtau-06-700x466.jpg"}],"twitter_card":"summary_large_image","schema":{"@context":"https:\/\/schema.org","@graph":[{"@type":"WebSite","@id":"https:\/\/sayconcept.com\/arc\/#website","url":"https:\/\/sayconcept.com\/arc\/","name":"SAY concept","description":"Thi\u1ebft k\u1ebf kh\u00f4ng gian s\u1ed1ng","potentialAction":[{"@type":"SearchAction","target":{"@type":"EntryPoint","urlTemplate":"https:\/\/sayconcept.com\/arc\/?s={search_term_string}"},"query-input":"required name=search_term_string"}],"inLanguage":"en-US"},{"@type":"ImageObject","@id":"https:\/\/sayconcept.com\/arc\/homestay-vung-tau\/#primaryimage","inLanguage":"en-US","url":"https:\/\/sayconcept.com\/arc\/wp-content\/uploads\/2018\/10\/sayconcept.homstayvungtau-06.jpg","contentUrl":"https:\/\/sayconcept.com\/arc\/wp-content\/uploads\/2018\/10\/sayconcept.homstayvungtau-06.jpg","width":2048,"height":1088,"caption":"Homestay V\u0169ng T\u00e0u\u200b"},{"@type":"WebPage","@id":"https:\/\/sayconcept.com\/arc\/homestay-vung-tau\/#webpage","url":"https:\/\/sayconcept.com\/arc\/homestay-vung-tau\/","name":"D\u1ef0 \u00c1N | Homestay V\u0169ng T\u00e0u - SAY concept","isPartOf":{"@id":"https:\/\/sayconcept.com\/arc\/#website"},"primaryImageOfPage":{"@id":"https:\/\/sayconcept.com\/arc\/homestay-vung-tau\/#primaryimage"},"datePublished":"2018-10-15T15:25:40+00:00","dateModified":"2018-10-21T03:40:04+00:00","breadcrumb":{"@id":"https:\/\/sayconcept.com\/arc\/homestay-vung-tau\/#breadcrumb"},"inLanguage":"en-US","potentialAction":[{"@type":"ReadAction","target":["https:\/\/sayconcept.com\/arc\/homestay-vung-tau\/"]}]},{"@type":"BreadcrumbList","@id":"https:\/\/sayconcept.com\/arc\/homestay-vung-tau\/#breadcrumb","itemListElement":[{"@type":"ListItem","position":1,"name":"Home","item":"https:\/\/sayconcept.com\/arc\/"},{"@type":"ListItem","position":2,"name":"D\u1ef0 \u00c1N | Homestay V\u0169ng T\u00e0u"}]}]}},"_links":{"self":[{"href":"https:\/\/sayconcept.com\/arc\/wp-json\/wp\/v2\/pages\/3374"}],"collection":[{"href":"https:\/\/sayconcept.com\/arc\/wp-json\/wp\/v2\/pages"}],"about":[{"href":"https:\/\/sayconcept.com\/arc\/wp-json\/wp\/v2\/types\/page"}],"author":[{"embeddable":true,"href":"https:\/\/sayconcept.com\/arc\/wp-json\/wp\/v2\/users\/1"}],"replies":[{"embeddable":true,"href":"https:\/\/sayconcept.com\/arc\/wp-json\/wp\/v2\/comments?post=3374"}],"version-history":[{"count":5,"href":"https:\/\/sayconcept.com\/arc\/wp-json\/wp\/v2\/pages\/3374\/revisions"}],"predecessor-version":[{"id":3513,"href":"https:\/\/sayconcept.com\/arc\/wp-json\/wp\/v2\/pages\/3374\/revisions\/3513"}],"wp:attachment":[{"href":"https:\/\/sayconcept.com\/arc\/wp-json\/wp\/v2\/media?parent=3374"}],"curies":[{"name":"wp","href":"https:\/\/api.w.org\/{rel}","templated":true}]}}