{"id":2974,"date":"2018-09-24T23:44:07","date_gmt":"2018-09-24T16:44:07","guid":{"rendered":"http:\/\/sayconcept.com\/arc\/?page_id=2974"},"modified":"2018-09-24T23:53:53","modified_gmt":"2018-09-24T16:53:53","slug":"thu-ngo","status":"publish","type":"page","link":"https:\/\/sayconcept.com\/arc\/thu-ngo\/","title":{"rendered":"Th\u01b0 ng\u1ecf"},"content":{"rendered":"\t\t<div data-elementor-type=\"wp-post\" data-elementor-id=\"2974\" class=\"elementor elementor-2974 elementor-bc-flex-widget\" data-elementor-settings=\"[]\">\n\t\t\t\t\t\t<div class=\"elementor-inner\">\n\t\t\t\t\t\t\t<div class=\"elementor-section-wrap\">\n\t\t\t\t\t\t\t<section class=\"elementor-section elementor-top-section elementor-element elementor-element-6e1e850 elementor-section-boxed elementor-section-height-default elementor-section-height-default\" data-id=\"6e1e850\" data-element_type=\"section\" data-settings=\"{&quot;architecturer_ext_is_background_parallax&quot;:&quot;false&quot;,&quot;architecturer_ext_is_background_on_scroll&quot;:&quot;false&quot;}\">\n\t\t\t\t\t\t<div class=\"elementor-container elementor-column-gap-default\">\n\t\t\t\t\t\t\t<div class=\"elementor-row\">\n\t\t\t\t\t<div class=\"elementor-column elementor-col-33 elementor-top-column elementor-element elementor-element-6c87a68\" data-id=\"6c87a68\" data-element_type=\"column\" data-settings=\"{&quot;architecturer_ext_is_mobile_menu&quot;:&quot;false&quot;,&quot;architecturer_ext_is_scrollme&quot;:&quot;false&quot;,&quot;architecturer_ext_is_smoove&quot;:&quot;false&quot;,&quot;architecturer_ext_is_parallax_mouse&quot;:&quot;false&quot;,&quot;architecturer_ext_is_infinite&quot;:&quot;false&quot;,&quot;architecturer_ext_is_fadeout_animation&quot;:&quot;false&quot;}\">\n\t\t\t<div class=\"elementor-column-wrap elementor-element-populated\">\n\t\t\t\t\t\t\t<div class=\"elementor-widget-wrap\">\n\t\t\t\t\t\t<div class=\"elementor-element elementor-element-35edf62 elementor-widget elementor-widget-heading\" data-id=\"35edf62\" data-element_type=\"widget\" data-settings=\"{&quot;architecturer_ext_is_mobile_menu&quot;:&quot;false&quot;,&quot;architecturer_ext_is_scrollme&quot;:&quot;false&quot;,&quot;architecturer_ext_is_smoove&quot;:&quot;false&quot;,&quot;architecturer_ext_is_parallax_mouse&quot;:&quot;false&quot;,&quot;architecturer_ext_is_infinite&quot;:&quot;false&quot;,&quot;architecturer_ext_is_fadeout_animation&quot;:&quot;false&quot;}\" data-widget_type=\"heading.default\">\n\t\t\t\t<div class=\"elementor-widget-container\">\n\t\t\t<h2 class=\"elementor-heading-title elementor-size-default\">Concept? Say it with me!<\/h2>\t\t<\/div>\n\t\t\t\t<\/div>\n\t\t\t\t<div class=\"elementor-element elementor-element-481cbfd elementor-widget elementor-widget-text-editor\" data-id=\"481cbfd\" data-element_type=\"widget\" data-settings=\"{&quot;architecturer_ext_is_mobile_menu&quot;:&quot;false&quot;,&quot;architecturer_ext_is_scrollme&quot;:&quot;false&quot;,&quot;architecturer_ext_is_smoove&quot;:&quot;false&quot;,&quot;architecturer_ext_is_parallax_mouse&quot;:&quot;false&quot;,&quot;architecturer_ext_is_infinite&quot;:&quot;false&quot;,&quot;architecturer_ext_is_fadeout_animation&quot;:&quot;false&quot;}\" data-widget_type=\"text-editor.default\">\n\t\t\t\t<div class=\"elementor-widget-container\">\n\t\t\t\t\t\t\t\t<div class=\"elementor-text-editor elementor-clearfix\">\n\t\t\t\t<p>SAYconcept Corp. xin ch\u00e0o\u00a0 B\u1ea0N<\/p><p>Website nay l\u00e0 n\u01a1i tr\u00ecnh b\u00e0y nh\u1eefng c\u00f4ng tr\u00ecnh, \u00fd t\u01b0\u1edfng, v\u00e0 c\u1ea3 nh\u1eefng tr\u0103n tr\u1edf, mong mu\u1ed1n c\u1ee7a t\u1eadp th\u1ec3 th\u00e0nh vi\u00ean SAYconcept.<\/p><p>Sayconcept nh\u01b0 c\u00e1i t\u00ean c\u1ee7a n\u00f3, c\u00f3 th\u1ec3 l\u00e0 ni\u1ec1m \u0111am m\u00ea s\u00e1ng t\u1ea1o hay c\u0169ng c\u00f3 th\u1ec3 l\u00e0 \u01b0\u1edbc v\u1ecdng \u0111\u01b0\u1ee3c n\u00f3i l\u00ean suy ngh\u0129 c\u1ee7a m\u00ecnh v\u1ec1 nh\u1eefng \u0111i\u1ec1u m\u1edbi l\u1ea1.<\/p><p>\u00a0<\/p>\t\t\t\t\t<\/div>\n\t\t\t\t\t\t<\/div>\n\t\t\t\t<\/div>\n\t\t\t\t\t\t<\/div>\n\t\t\t\t\t<\/div>\n\t\t<\/div>\n\t\t\t\t<div class=\"elementor-column elementor-col-66 elementor-top-column elementor-element elementor-element-5fe7a3b\" data-id=\"5fe7a3b\" data-element_type=\"column\" data-settings=\"{&quot;architecturer_ext_is_mobile_menu&quot;:&quot;false&quot;,&quot;architecturer_ext_is_scrollme&quot;:&quot;false&quot;,&quot;architecturer_ext_is_smoove&quot;:&quot;false&quot;,&quot;architecturer_ext_is_parallax_mouse&quot;:&quot;false&quot;,&quot;architecturer_ext_is_infinite&quot;:&quot;false&quot;,&quot;architecturer_ext_is_fadeout_animation&quot;:&quot;false&quot;}\">\n\t\t\t<div class=\"elementor-column-wrap elementor-element-populated\">\n\t\t\t\t\t\t\t<div class=\"elementor-widget-wrap\">\n\t\t\t\t\t\t<div class=\"elementor-element elementor-element-f5164aa elementor-widget elementor-widget-image\" data-id=\"f5164aa\" data-element_type=\"widget\" data-settings=\"{&quot;architecturer_image_is_animation&quot;:&quot;false&quot;,&quot;architecturer_ext_is_mobile_menu&quot;:&quot;false&quot;,&quot;architecturer_ext_is_scrollme&quot;:&quot;false&quot;,&quot;architecturer_ext_is_smoove&quot;:&quot;false&quot;,&quot;architecturer_ext_is_parallax_mouse&quot;:&quot;false&quot;,&quot;architecturer_ext_is_infinite&quot;:&quot;false&quot;,&quot;architecturer_ext_is_fadeout_animation&quot;:&quot;false&quot;}\" data-widget_type=\"image.default\">\n\t\t\t\t<div class=\"elementor-widget-container\">\n\t\t\t\t\t\t\t\t<div class=\"elementor-image\">\n\t\t\t\t\t\t\t\t\t<figure class=\"wp-caption\">\n\t\t\t\t\t\t\t\t\t\t<img width=\"590\" height=\"393\" src=\"https:\/\/sayconcept.com\/arc\/wp-content\/uploads\/2018\/09\/conceptwords.jpg\" class=\"attachment-architecturer-gallery-grid size-architecturer-gallery-grid\" alt=\"Concept ? Say it with me\" loading=\"lazy\" srcset=\"https:\/\/sayconcept.com\/arc\/wp-content\/uploads\/2018\/09\/conceptwords.jpg 590w, https:\/\/sayconcept.com\/arc\/wp-content\/uploads\/2018\/09\/conceptwords-300x200.jpg 300w, https:\/\/sayconcept.com\/arc\/wp-content\/uploads\/2018\/09\/conceptwords-440x293.jpg 440w\" sizes=\"(max-width: 590px) 100vw, 590px\" \/>\t\t\t\t\t\t\t\t\t\t\t<figcaption class=\"widget-image-caption wp-caption-text\">Concept ? Say it with me<\/figcaption>\n\t\t\t\t\t\t\t\t\t\t<\/figure>\n\t\t\t\t\t\t\t\t<\/div>\n\t\t\t\t\t\t<\/div>\n\t\t\t\t<\/div>\n\t\t\t\t\t\t<\/div>\n\t\t\t\t\t<\/div>\n\t\t<\/div>\n\t\t\t\t\t\t\t\t<\/div>\n\t\t\t\t\t<\/div>\n\t\t<\/section>\n\t\t\t\t\t\t<\/div>\n\t\t\t\t\t\t<\/div>\n\t\t\t\t\t<\/div>\n\t\t","protected":false},"excerpt":{"rendered":"<p>Concept? Say it with me! SAYconcept Corp. xin ch\u00e0o\u00a0 B\u1ea0N Website nay l\u00e0 n\u01a1i tr\u00ecnh b\u00e0y nh\u1eefng c\u00f4ng tr\u00ecnh, \u00fd t\u01b0\u1edfng, v\u00e0 c\u1ea3 nh\u1eefng tr\u0103n tr\u1edf, mong mu\u1ed1n c\u1ee7a t\u1eadp th\u1ec3 th\u00e0nh vi\u00ean SAYconcept. Sayconcept nh\u01b0 c\u00e1i t\u00ean c\u1ee7a n\u00f3, [&hellip;]<\/p>\n","protected":false},"author":1,"featured_media":0,"parent":0,"menu_order":0,"comment_status":"closed","ping_status":"closed","template":"","meta":[],"yoast_head":"<!-- This site is optimized with the Yoast SEO plugin v17.8 - https:\/\/yoast.com\/wordpress\/plugins\/seo\/ -->\n<title>Th\u01b0 ng\u1ecf - SAY concept<\/title>\n<meta name=\"robots\" content=\"index, follow, max-snippet:-1, max-image-preview:large, max-video-preview:-1\" \/>\n<link rel=\"canonical\" href=\"https:\/\/sayconcept.com\/arc\/thu-ngo\/\" \/>\n<meta property=\"og:locale\" content=\"en_US\" \/>\n<meta property=\"og:type\" content=\"article\" \/>\n<meta property=\"og:title\" content=\"Th\u01b0 ng\u1ecf - SAY concept\" \/>\n<meta property=\"og:description\" content=\"Concept? Say it with me! SAYconcept Corp. xin ch\u00e0o\u00a0 B\u1ea0N Website nay l\u00e0 n\u01a1i tr\u00ecnh b\u00e0y nh\u1eefng c\u00f4ng tr\u00ecnh, \u00fd t\u01b0\u1edfng, v\u00e0 c\u1ea3 nh\u1eefng tr\u0103n tr\u1edf, mong mu\u1ed1n c\u1ee7a t\u1eadp th\u1ec3 th\u00e0nh vi\u00ean SAYconcept. Sayconcept nh\u01b0 c\u00e1i t\u00ean c\u1ee7a n\u00f3, [&hellip;]\" \/>\n<meta property=\"og:url\" content=\"https:\/\/sayconcept.com\/arc\/thu-ngo\/\" \/>\n<meta property=\"og:site_name\" content=\"SAY concept\" \/>\n<meta property=\"article:publisher\" content=\"https:\/\/www.facebook.com\/Sayconcept\/\" \/>\n<meta property=\"article:modified_time\" content=\"2018-09-24T16:53:53+00:00\" \/>\n<meta property=\"og:image\" content=\"http:\/\/sayconcept.com\/arc\/wp-content\/uploads\/2018\/09\/conceptwords.jpg\" \/>\n<meta name=\"twitter:card\" content=\"summary_large_image\" \/>\n<meta name=\"twitter:label1\" content=\"Est. reading time\" \/>\n\t<meta name=\"twitter:data1\" content=\"1 minute\" \/>\n<script type=\"application\/ld+json\" class=\"yoast-schema-graph\">{\"@context\":\"https:\/\/schema.org\",\"@graph\":[{\"@type\":\"WebSite\",\"@id\":\"https:\/\/sayconcept.com\/arc\/#website\",\"url\":\"https:\/\/sayconcept.com\/arc\/\",\"name\":\"SAY concept\",\"description\":\"Thi\\u1ebft k\\u1ebf kh\\u00f4ng gian s\\u1ed1ng\",\"potentialAction\":[{\"@type\":\"SearchAction\",\"target\":{\"@type\":\"EntryPoint\",\"urlTemplate\":\"https:\/\/sayconcept.com\/arc\/?s={search_term_string}\"},\"query-input\":\"required name=search_term_string\"}],\"inLanguage\":\"en-US\"},{\"@type\":\"ImageObject\",\"@id\":\"https:\/\/sayconcept.com\/arc\/thu-ngo\/#primaryimage\",\"inLanguage\":\"en-US\",\"url\":\"http:\/\/sayconcept.com\/arc\/wp-content\/uploads\/2018\/09\/conceptwords.jpg\",\"contentUrl\":\"http:\/\/sayconcept.com\/arc\/wp-content\/uploads\/2018\/09\/conceptwords.jpg\"},{\"@type\":\"WebPage\",\"@id\":\"https:\/\/sayconcept.com\/arc\/thu-ngo\/#webpage\",\"url\":\"https:\/\/sayconcept.com\/arc\/thu-ngo\/\",\"name\":\"Th\\u01b0 ng\\u1ecf - SAY concept\",\"isPartOf\":{\"@id\":\"https:\/\/sayconcept.com\/arc\/#website\"},\"primaryImageOfPage\":{\"@id\":\"https:\/\/sayconcept.com\/arc\/thu-ngo\/#primaryimage\"},\"datePublished\":\"2018-09-24T16:44:07+00:00\",\"dateModified\":\"2018-09-24T16:53:53+00:00\",\"breadcrumb\":{\"@id\":\"https:\/\/sayconcept.com\/arc\/thu-ngo\/#breadcrumb\"},\"inLanguage\":\"en-US\",\"potentialAction\":[{\"@type\":\"ReadAction\",\"target\":[\"https:\/\/sayconcept.com\/arc\/thu-ngo\/\"]}]},{\"@type\":\"BreadcrumbList\",\"@id\":\"https:\/\/sayconcept.com\/arc\/thu-ngo\/#breadcrumb\",\"itemListElement\":[{\"@type\":\"ListItem\",\"position\":1,\"name\":\"Home\",\"item\":\"https:\/\/sayconcept.com\/arc\/\"},{\"@type\":\"ListItem\",\"position\":2,\"name\":\"Th\\u01b0 ng\\u1ecf\"}]}]}<\/script>\n<!-- \/ Yoast SEO plugin. -->","yoast_head_json":{"title":"Th\u01b0 ng\u1ecf - SAY concept","robots":{"index":"index","follow":"follow","max-snippet":"max-snippet:-1","max-image-preview":"max-image-preview:large","max-video-preview":"max-video-preview:-1"},"canonical":"https:\/\/sayconcept.com\/arc\/thu-ngo\/","og_locale":"en_US","og_type":"article","og_title":"Th\u01b0 ng\u1ecf - SAY concept","og_description":"Concept? Say it with me! SAYconcept Corp. xin ch\u00e0o\u00a0 B\u1ea0N Website nay l\u00e0 n\u01a1i tr\u00ecnh b\u00e0y nh\u1eefng c\u00f4ng tr\u00ecnh, \u00fd t\u01b0\u1edfng, v\u00e0 c\u1ea3 nh\u1eefng tr\u0103n tr\u1edf, mong mu\u1ed1n c\u1ee7a t\u1eadp th\u1ec3 th\u00e0nh vi\u00ean SAYconcept. Sayconcept nh\u01b0 c\u00e1i t\u00ean c\u1ee7a n\u00f3, [&hellip;]","og_url":"https:\/\/sayconcept.com\/arc\/thu-ngo\/","og_site_name":"SAY concept","article_publisher":"https:\/\/www.facebook.com\/Sayconcept\/","article_modified_time":"2018-09-24T16:53:53+00:00","og_image":[{"url":"http:\/\/sayconcept.com\/arc\/wp-content\/uploads\/2018\/09\/conceptwords.jpg"}],"twitter_card":"summary_large_image","twitter_misc":{"Est. reading time":"1 minute"},"schema":{"@context":"https:\/\/schema.org","@graph":[{"@type":"WebSite","@id":"https:\/\/sayconcept.com\/arc\/#website","url":"https:\/\/sayconcept.com\/arc\/","name":"SAY concept","description":"Thi\u1ebft k\u1ebf kh\u00f4ng gian s\u1ed1ng","potentialAction":[{"@type":"SearchAction","target":{"@type":"EntryPoint","urlTemplate":"https:\/\/sayconcept.com\/arc\/?s={search_term_string}"},"query-input":"required name=search_term_string"}],"inLanguage":"en-US"},{"@type":"ImageObject","@id":"https:\/\/sayconcept.com\/arc\/thu-ngo\/#primaryimage","inLanguage":"en-US","url":"http:\/\/sayconcept.com\/arc\/wp-content\/uploads\/2018\/09\/conceptwords.jpg","contentUrl":"http:\/\/sayconcept.com\/arc\/wp-content\/uploads\/2018\/09\/conceptwords.jpg"},{"@type":"WebPage","@id":"https:\/\/sayconcept.com\/arc\/thu-ngo\/#webpage","url":"https:\/\/sayconcept.com\/arc\/thu-ngo\/","name":"Th\u01b0 ng\u1ecf - SAY concept","isPartOf":{"@id":"https:\/\/sayconcept.com\/arc\/#website"},"primaryImageOfPage":{"@id":"https:\/\/sayconcept.com\/arc\/thu-ngo\/#primaryimage"},"datePublished":"2018-09-24T16:44:07+00:00","dateModified":"2018-09-24T16:53:53+00:00","breadcrumb":{"@id":"https:\/\/sayconcept.com\/arc\/thu-ngo\/#breadcrumb"},"inLanguage":"en-US","potentialAction":[{"@type":"ReadAction","target":["https:\/\/sayconcept.com\/arc\/thu-ngo\/"]}]},{"@type":"BreadcrumbList","@id":"https:\/\/sayconcept.com\/arc\/thu-ngo\/#breadcrumb","itemListElement":[{"@type":"ListItem","position":1,"name":"Home","item":"https:\/\/sayconcept.com\/arc\/"},{"@type":"ListItem","position":2,"name":"Th\u01b0 ng\u1ecf"}]}]}},"_links":{"self":[{"href":"https:\/\/sayconcept.com\/arc\/wp-json\/wp\/v2\/pages\/2974"}],"collection":[{"href":"https:\/\/sayconcept.com\/arc\/wp-json\/wp\/v2\/pages"}],"about":[{"href":"https:\/\/sayconcept.com\/arc\/wp-json\/wp\/v2\/types\/page"}],"author":[{"embeddable":true,"href":"https:\/\/sayconcept.com\/arc\/wp-json\/wp\/v2\/users\/1"}],"replies":[{"embeddable":true,"href":"https:\/\/sayconcept.com\/arc\/wp-json\/wp\/v2\/comments?post=2974"}],"version-history":[{"count":4,"href":"https:\/\/sayconcept.com\/arc\/wp-json\/wp\/v2\/pages\/2974\/revisions"}],"predecessor-version":[{"id":2988,"href":"https:\/\/sayconcept.com\/arc\/wp-json\/wp\/v2\/pages\/2974\/revisions\/2988"}],"wp:attachment":[{"href":"https:\/\/sayconcept.com\/arc\/wp-json\/wp\/v2\/media?parent=2974"}],"curies":[{"name":"wp","href":"https:\/\/api.w.org\/{rel}","templated":true}]}}